{"id":16268,"date":"2021-12-21T16:21:34","date_gmt":"2021-12-21T15:21:34","guid":{"rendered":"https:\/\/awe-amazonia.com\/?page_id=16268"},"modified":"2022-02-23T08:28:04","modified_gmt":"2022-02-23T07:28:04","slug":"chez-lhabitant","status":"publish","type":"page","link":"http:\/\/awe-amazonia.com\/index.php\/chez-lhabitant\/","title":{"rendered":"Amazonie en immersion et chez l&#8217;habitant"},"content":{"rendered":"<div  class=\"one withsmallpadding ppb_header \" style=\"text-align:left;padding:40px 0 40px 0;\" >\n<div class=\"standard_wrapper\">\n<div class=\"page_content_wrapper\">\n<div class=\"inner\">\n<div style=\"margin:auto;width:100%\">\n<h2 class=\"ppb_title\" style=\"\">Partez \u00e0 la d\u00e9couverte de l&#039;Amazonie, au plus pr\u00e8s de la vie locale en logeant chez l&#039;habitant<\/h2>\n<div class=\"page_tagline\" style=\"\">Les bonnes raisons pour avoir envie de voyager de fa\u00e7on alternative sont l\u00e9gion, et voyager en immersion chez l\u2019habitant est une option merveilleuse qui vous promet une exp\u00e9rience unique.<\/div>\n<div class=\"ppb_header_content\">\n<p>Partir en voyage \u00e0 la d\u00e9couverte de l\u2019Amazonie, c\u2019est bien, mais vivre une exp\u00e9rience hors du commun, c\u2019est encore mieux ! Vivre en immersion est un moyen de se plonger dans la culture locale, de partager un quotidien souvent aux antipodes du n\u00f4tre.<\/p>\n<p>Ce <strong>voyage itin\u00e9rant<\/strong> en Amazonie br\u00e9silienne, dans l\u2019\u00e9tat de l\u2019Amazonas vous emm\u00e8nera \u00e0 la d\u00e9couverte de la mythique for\u00eat amazonienne. Un itin\u00e9raire de plusieurs jours avec <strong>un guide bilingue<\/strong>, au d\u00e9part de Manaus jusqu\u2019au lago Mamori. <strong>Des h\u00e9bergements authentiques, des exp\u00e9riences \u00e0 vivre et des moyens de transport locaux sont les trois piliers de nos voyages car ils favorisent l\u2019immersion dans la vie locale.<\/strong><\/p>\n<p>Tel les ribeirinhos et les caboclos, r\u00e9sidents locaux qui vivent au c\u0153ur de la for\u00eat, <strong>vous dormirez en hamac chez l\u2019habitant <\/strong>entre for\u00eat dense et rivi\u00e8res. Chaque jour vous aurez l\u2019opportunit\u00e9 de d\u00e9couvrir le poumon de la plan\u00e8te au travers de plusieurs activit\u00e9s.<\/p>\n<p>Profitez de la nuit chez l\u2019habitant, de la navigation sur les milliers de rivi\u00e8res de la r\u00e9gion ainsi que des randonn\u00e9es d\u2019observation de la faune et de la flore et des bivouacs en for\u00eat pour d\u00e9couvrir le Lago Mamori et vivre une exp\u00e9rience authentique aupr\u00e8s des habitants du bassin amazonien br\u00e9silien.<\/p>\n<\/div>\n<\/div>\n<\/div>\n<\/div>\n<\/div>\n<\/div>\n<div  class=\"one_half_bg withsmallpadding ppb_text_image withbg parallax \" style=\"font-size:20px;background-image:url(https:\/\/awe-amazonia.com\/wp-content\/uploads\/2020\/12\/tamarin-piche.jpg);background-position: center center;text-align:center;padding:85px 0 85px 0;color:#ffffff !important;\" >\n<div class=\"overlay_background\" style=\"background:#000000;background:rgb(0,0,0,0.3);background:rgba(0,0,0,0.3);\"><\/div>\n<div class=\"page_content_wrapper\">\n<div class=\"inner\">\n<div style=\"margin:auto;width:100%\">\n<h2 style=\"color: #fff;\">Dur\u00e9e Sugg\u00e9r\u00e9e<\/h2>\n<p>De 3 \u00e0 7 jours<\/p>\n<h2 style=\"color: #fff;\">Profil des voyageurs<\/h2>\n<p>Pour les couples, amis ou familles \u00e0 la recherche d&rsquo;authenticit\u00e9 avec un budget raisonnable<\/p>\n<\/div>\n<\/div>\n<\/div>\n<\/div>\n<div class=\"standard_wrapper\">\n<div  class=\"one_half last withsmallpadding ppb_text\" style=\"font-size:20px;text-align:center;padding:85px 0 85px 0;\" >\n<div class=\"standard_wrapper\">\n<div class=\"page_content_wrapper\">\n<div class=\"inner\">\n<div style=\"margin:auto;width:100%\">\n<h2>Nombre de participants<\/h2>\n<p>2 \u00e0 6 personnes<\/p>\n<h2>P\u00e9riode conseill\u00e9e pour d\u00e9couvrir l&rsquo;Amazonie dans l&rsquo;\u00e9tat de l&rsquo;Amazonas<\/h2>\n<p>Toute l&rsquo;ann\u00e9e<\/p>\n<\/div>\n<\/div>\n<\/div>\n<\/div>\n<\/div>\n<\/div>\n<div class=\"divider one\">&nbsp;<\/div>\n<div class=\"standard_wrapper\">\n<div  class=\"two_third withsmallpadding ppb_text\" style=\"padding:40px;\" >\n<div class=\"pp_accordion has_icon\">\n<h3><a href=\"#\">Description de votre voyage en immersion chez l&rsquo;habitant en Amazonie<\/a><\/h3>\n<div>\n<p>Plongez dans les communaut\u00e9s de \u00ab\u00a0ribeirinhos\u00a0\u00bb qui vivent sur les berges des fleuves et rivi\u00e8res en Amazonie. Un voyage authentique qui d\u00e9butera dans la ville de <strong>Manaus<\/strong>, o\u00f9 votre <strong>guide bilingue<\/strong> vous accompagnera au coeur de la for\u00eat. Vous d\u00e9couvrirez un mode de vie local, le d\u00e9paysement est garanti. Un programme vari\u00e9 personnalisable \u00e0 souhait que nous construirons ensemble. Pendant votre s\u00e9jour vous aurez l&rsquo;opportunit\u00e9 de randonner, d\u00e9couvrir faune et flore avec votre guide et appr\u00e9cier l&rsquo;immensit\u00e9 du poumon de la plan\u00e8te.  Des \u00e9changes uniques avec les communaut\u00e9s locales&#8230; un voyage hors du temps !<\/p>\n<p><strong>Profitez de la nuit chez l&rsquo;habitant et red\u00e9couvrez le plaisir de prendre votre temps au rythme des locaux. Plongez au coeur de l&rsquo;\u00e9cosyst\u00e8me le plus riche au monde avec votre guide pour un s\u00e9jour hors des sentiers battus. <\/strong><\/p>\n<p>Une exp\u00e9rience qui vous permettra de :<\/p>\n<p><span class=\"ti-check\" style=\"margin-right: 10px;\"><\/span>D\u00e9couvrir le Br\u00e9sil de l&rsquo;int\u00e9rieur<br \/>\n<span class=\"ti-check\" style=\"margin-right: 10px;\"><\/span>Appr\u00e9cier la faune et la flore de l&rsquo;Amazonie<br \/>\n   <span class=\"ti-check\" style=\"margin-right: 10px;\"><\/span>Observer la rencontre des eaux du Rio Negro et du Rio Solim\u00f5es qui forment l&rsquo;Amazone<br \/>\n<span class=\"ti-check\" style=\"margin-right: 10px;\"><\/span>Effectuer des randonn\u00e9es en for\u00eats avec votre guide<br \/>\n<span class=\"ti-check\" style=\"margin-right: 10px;\"><\/span>Observer les ca\u00efmans au couch\u00e9 du soleil<br \/>\n<span class=\"ti-check\" style=\"margin-right: 10px;\"><\/span>Passer une nuit en hamac dans la jungle<br \/>\n   <span class=\"ti-check\" style=\"margin-right: 10px;\"><\/span>Observer les \u00ab\u00a0Botos cor de rosa\u00a0\u00bb, dauphins d&rsquo;Amazonie<br \/>\n<span class=\"ti-check\" style=\"margin-right: 10px;\"><\/span>Effectuer des sorties nocturnes en pleine for\u00eat<br \/>\n   <span class=\"ti-check\" style=\"margin-right: 10px;\"><\/span>\u00c9changer avec les communaut\u00e9s locales<br \/>\n  <span class=\"ti-check\" style=\"margin-right: 10px;\"><\/span>S&rsquo;\u00e9merveiller devant l\u2019immensit\u00e9 de la voie lact\u00e9e.<\/p>\n<\/div>\n<\/div>\n<div class=\"pp_accordion has_icon\">\n<h3><a href=\"#\">Organisation de votre voyage au Br\u00e9sil en Amazonie<\/a><\/h3>\n<div>\n<p><strong>O\u00f9 dormirez-vous et que mangerez-vous ?<\/strong><\/p>\n<p>Comme il en est l&rsquo;usage dans l&rsquo;Amazonie, vous <strong>dormirez en hamac<\/strong>. Chaque hamac est \u00e9quip\u00e9 d&rsquo;une moustiquaire. Vous logerez chez les populations locales, et nous vous proposons une nuit en bivouac en pleine for\u00eat amazonienne, pour mieux appr\u00e9cier l&rsquo;intensit\u00e9 de la nature.<\/p>\n<p>Les repas seront pr\u00e9par\u00e9s par vos h\u00f4tes ou par le guide lors des bivouacs. Vous mangerez l\u00e9gumes et fruits accompagn\u00e9s de poissons fraichement p\u00e9ch\u00e9s et de viandes locales. Eau et jus de fruits sont pr\u00e9vus pour tout votre s\u00e9jour (boissons alcoolis\u00e9es payantes).<\/p>\n<p><strong>Profil des participants<\/strong><\/p>\n<p>Ce s\u00e9jour en immersion en Amazonie au Br\u00e9sil est destin\u00e9e \u00e0 tout profil de voyageurs. Le confort est simple, et ravira tous les voyageurs appr\u00e9ciant l&rsquo;authenticit\u00e9 des transports locaux et des nuits en hamacs tel un caboclo amazonien.<\/p>\n<\/div>\n<\/div>\n<div class=\"pp_accordion has_icon\">\n<h3><a href=\"#\">Ce qui est inclus<\/a><\/h3>\n<div>\n<p><strong>Le tarif comprend :<\/strong><\/p>\n<p><span class=\"ti-check\" style=\"margin-right: 10px;\"><\/span>Prise en charge depuis Manaus \u00e0 votre h\u00f4tel, votre lodge ou depuis  l&rsquo;a\u00e9roport de Manaus<br \/>\n<span class=\"ti-check\" style=\"margin-right: 10px;\"><\/span>Guide bilingue<br \/>\n<span class=\"ti-check\" style=\"margin-right: 10px;\"><\/span>Les diff\u00e9rents moyens de transport depuis votre prise en charge<br \/>\n<span class=\"ti-check\" style=\"margin-right: 10px;\"><\/span>Acc\u00e8s aux communaut\u00e9s<br \/>\n   <span class=\"ti-check\" style=\"margin-right: 10px;\"><\/span>Hamacs et moustiquaire pour le couchage chez l&rsquo;habitant et pour les bivouacs en for\u00eat<br \/>\n   <span class=\"ti-check\" style=\"margin-right: 10px;\"><\/span>Petit d\u00e9jeuner, d\u00e9jeuner et d\u00eener. Jus de fruit et eau.<\/p>\n<p><strong>Le tarif ne comprend pas :<\/strong><\/p>\n<p><span class=\"ti-close\" style=\"margin-right: 10px;\"><\/span>Vols nationaux et internationaux<br \/>\n<span class=\"ti-close\" style=\"margin-right: 10px;\"><\/span>Nuits d&rsquo;h\u00f4tel \u00e0 Manaus<br \/>\n<span class=\"ti-close\" style=\"margin-right: 10px;\"><\/span>Assurances voyage<br \/>\n<span class=\"ti-close\" style=\"margin-right: 10px;\"><\/span>Boissons alcoolis\u00e9es<\/p>\n<\/div>\n<\/div>\n<\/div>\n<\/div>\n<div class=\"standard_wrapper\">\n<div  class=\"one_third last withsmallpadding ppb_text\" style=\"padding:40px;background-color:#f7efe6;color:#513834 !important;\" >\n<h3 style=\"text-align: center;\">Me renseigner sur ce voyage en Amazonie<\/h3>\n<blockquote><\/blockquote>\n<div role=\"form\" class=\"wpcf7\" id=\"wpcf7-f18659-o1\" lang=\"en-US\" dir=\"ltr\">\n<div class=\"screen-reader-response\">\n<p role=\"status\" aria-live=\"polite\" aria-atomic=\"true\">\n<ul><\/ul>\n<\/div>\n<form action=\"\/wp-admin\/post.php#wpcf7-f18659-o1\" method=\"post\" class=\"wpcf7-form init\" novalidate=\"novalidate\" data-status=\"init\">\n<div style=\"display: none;\">\n<input type=\"hidden\" name=\"_wpcf7\" value=\"18659\" \/><br \/>\n<input type=\"hidden\" name=\"_wpcf7_version\" value=\"5.5.5\" \/><br \/>\n<input type=\"hidden\" name=\"_wpcf7_locale\" value=\"en_US\" \/><br \/>\n<input type=\"hidden\" name=\"_wpcf7_unit_tag\" value=\"wpcf7-f18659-o1\" \/><br \/>\n<input type=\"hidden\" name=\"_wpcf7_container_post\" value=\"0\" \/><br \/>\n<input type=\"hidden\" name=\"_wpcf7_posted_data_hash\" value=\"\" \/>\n<\/div>\n<p><label> Nom complet<br \/>\n<span class=\"wpcf7-form-control-wrap your-name\"><input type=\"text\" name=\"your-name\" value=\"\" size=\"40\" class=\"wpcf7-form-control wpcf7-text wpcf7-validates-as-required\" aria-required=\"true\" aria-invalid=\"false\" placeholder=\"Indiana Jones\" \/><\/span> <\/label><\/p>\n<p><label> Votre adresse E-mail<br \/>\n<span class=\"wpcf7-form-control-wrap your-email\"><input type=\"email\" name=\"your-email\" value=\"\" size=\"40\" class=\"wpcf7-form-control wpcf7-text wpcf7-email wpcf7-validates-as-required wpcf7-validates-as-email\" aria-required=\"true\" aria-invalid=\"false\" placeholder=\"indianajones@awe-amazonia.com\" \/><\/span> <\/label><\/p>\n<p><label> Num\u00e9ro de t\u00e9l\u00e9phone<br \/>\n<span class=\"wpcf7-form-control-wrap tel-729\"><input type=\"tel\" name=\"tel-729\" value=\"\" size=\"40\" class=\"wpcf7-form-control wpcf7-text wpcf7-tel wpcf7-validates-as-required wpcf7-validates-as-tel\" aria-required=\"true\" aria-invalid=\"false\" \/><\/span> <\/label><\/p>\n<p><label> Date pr\u00e9visionnelle de d\u00e9part depuis Manaus<br \/>\n<span class=\"wpcf7-form-control-wrap DepartureDate\"><input type=\"date\" name=\"DepartureDate\" value=\"\" class=\"wpcf7-form-control wpcf7-date wpcf7-validates-as-date\" aria-invalid=\"false\" \/><\/span> <\/label><\/p>\n<p><label> Nombre de personnes<br \/>\n<span class=\"wpcf7-form-control-wrap text-215\"><input type=\"text\" name=\"text-215\" value=\"\" size=\"40\" class=\"wpcf7-form-control wpcf7-text\" aria-invalid=\"false\" placeholder=\"2 personnes\" \/><\/span> <\/label><\/p>\n<p><label> \u00c2ge des participants<br \/>\n<span class=\"wpcf7-form-control-wrap textarea-216\"><textarea name=\"textarea-216\" cols=\"40\" rows=\"10\" class=\"wpcf7-form-control wpcf7-textarea\" aria-invalid=\"false\"><\/textarea><\/span><\/p>\n<p><label> Un commentaire \u00e0 nous soumettre<br \/>\n<span class=\"wpcf7-form-control-wrap textarea-161\"><textarea name=\"textarea-161\" cols=\"40\" rows=\"10\" class=\"wpcf7-form-control wpcf7-textarea\" aria-invalid=\"false\"><\/textarea><\/span><\/p>\n<p><input type=\"submit\" value=\"Envoyer\" class=\"wpcf7-form-control has-spinner wpcf7-submit\" \/><\/p>\n<p style=\"display: none !important;\"><label>&#916;<textarea name=\"_wpcf7_ak_hp_textarea\" cols=\"45\" rows=\"8\" maxlength=\"100\"><\/textarea><\/label><input type=\"hidden\" id=\"ak_js_1\" name=\"_wpcf7_ak_js\" value=\"103\"\/><script>document.getElementById( \"ak_js_1\" ).setAttribute( \"value\", ( new Date() ).getTime() );<\/script><\/p>\n<div class=\"wpcf7-response-output\" aria-hidden=\"true\"><\/div>\n<\/form>\n<\/div>\n<\/div>\n<\/div>\n<div  class=\"ppb_metro one\" >\n<div class=\"one_half_bg nopadding\" style=\"background:url(https:\/\/awe-amazonia.com\/wp-content\/uploads\/2020\/12\/riviere-de-parabara.jpg);height:400px;\"><\/div>\n<div class=\"one_half_bg nopadding\">\n<div class=\"one_half_bg\" style=\"background:url(https:\/\/awe-amazonia.com\/wp-content\/uploads\/2021\/12\/Pirogue-famille.jpg);height:200px;\"><\/div>\n<div class=\"one_half_bg\" style=\"background:url(https:\/\/awe-amazonia.com\/wp-content\/uploads\/2021\/01\/pirogue-sur-amazone.jpg);height:200px;\"><\/div>\n<div class=\"one_half_bg\" style=\"background:url(https:\/\/awe-amazonia.com\/wp-content\/uploads\/2021\/12\/image0.jpeg);height:200px;\"><\/div>\n<div class=\"one_half_bg\" style=\"background:url(https:\/\/awe-amazonia.com\/wp-content\/uploads\/2020\/12\/regis-sur-son-bateau.jpg);height:200px;\"><\/div>\n<\/div>\n<\/div>\n<\/div>\n<div class=\"divider one\">&nbsp;<\/div>\n<div class=\"standard_wrapper\">\n<div  class=\"one_third withsmallpadding ppb_text\" style=\"text-align:center;padding:40px 0 40px 0;\" >\n<div class=\"standard_wrapper\">\n<div class=\"page_content_wrapper\">\n<div class=\"inner\">\n<div style=\"margin:auto;width:100%\">\n<p><img decoding=\"async\" loading=\"lazy\" class=\"aligncenter size-full wp-image-10097\" src=\"https:\/\/awe-amazonia.com\/wp-content\/uploads\/2021\/04\/Croisiere-Anavilhanas_.png\" alt=\"Park national Anavilhanas vue du ciel\" width=\"338\" height=\"338\" \/><\/p>\n<h2 style=\"text-align: center;\"><a href=\"https:\/\/awe-amazonia.com\/index.php\/croisiere-dans-le-parc-national-de-larchipel-anavilhanas\/\" target=\"_blank\" rel=\"noopener\">Croisi\u00e8re priv\u00e9e en hamac dans le parc national Anavilhanas<\/a><\/h2>\n<\/div>\n<\/div>\n<\/div>\n<\/div>\n<\/div>\n<\/div>\n<div class=\"standard_wrapper\">\n<div  class=\"one_third withsmallpadding ppb_text\" style=\"text-align:center;padding:40px 0 40px 0;\" >\n<div class=\"standard_wrapper\">\n<div class=\"page_content_wrapper\">\n<div class=\"inner\">\n<div style=\"margin:auto;width:100%\">\n<p><img decoding=\"async\" loading=\"lazy\" class=\"aligncenter wp-image-10091 size-full\" src=\"https:\/\/awe-amazonia.com\/wp-content\/uploads\/2021\/04\/Expedition-Jau_.png\" alt=\"Jaguar en Amazonie\" width=\"338\" height=\"338\" \/><\/p>\n<h2 style=\"text-align: center;\"><a href=\"https:\/\/awe-amazonia.com\/index.php\/expedition-dans-le-parc-national-de-jau\/\" target=\"_blank\" rel=\"noopener\">Exp\u00e9dition dans le parc national du Jau<\/a><\/h2>\n<\/div>\n<\/div>\n<\/div>\n<\/div>\n<\/div>\n<\/div>\n<div class=\"standard_wrapper\">\n<div  class=\"one_third last withsmallpadding ppb_text\" style=\"text-align:center;padding:40px 0 40px 0;\" >\n<div class=\"standard_wrapper\">\n<div class=\"page_content_wrapper\">\n<div class=\"inner\">\n<div style=\"margin:auto;width:100%\">\n<p><img decoding=\"async\" loading=\"lazy\" class=\"aligncenter size-full wp-image-10082\" src=\"https:\/\/awe-amazonia.com\/wp-content\/uploads\/2021\/04\/Expedition-Survivor_.png\" alt=\"hamac lors d'un bivouac dans la for\u00eat amazonienne\" width=\"338\" height=\"338\" \/><\/p>\n<h2 style=\"text-align: center;\"><a href=\"https:\/\/awe-amazonia.com\/index.php\/expedition-survivor-sur-le-rio-solimoes\/\" target=\"_blank\" rel=\"noopener\">S\u00e9jour bivouac en for\u00eat<\/a><\/h2>\n<\/div>\n<\/div>\n<\/div>\n<\/div>\n<\/div>\n<\/div>\n","protected":false},"excerpt":{"rendered":"<p>Partez \u00e0 la d\u00e9couverte de l&#039;Amazonie, au plus pr\u00e8s de la vie locale en logeant chez l&#039;habitant Les bonnes raisons pour avoir envie de voyager de fa\u00e7on alternative sont l\u00e9gion, et voyager en immersion chez l\u2019habitant est une option merveilleuse [&hellip;]<\/p>\n","protected":false},"author":1,"featured_media":6169,"parent":0,"menu_order":0,"comment_status":"closed","ping_status":"closed","template":"","meta":{"iawp_total_views":221,"footnotes":""},"class_list":["post-16268","page","type-page","status-publish","has-post-thumbnail","hentry"],"yoast_head":"<!-- This site is optimized with the Yoast SEO plugin v27.1.1 - https:\/\/yoast.com\/product\/yoast-seo-wordpress\/ -->\n<title>Amazonie en immersion chez l&#039;habitant - Agence locale | AWE<\/title>\n<meta name=\"description\" content=\"Au Br\u00e9sil, d\u00e9couvrez l&#039;Amazonie hors des sentiers battus. Chez l&#039;habitant et en bivouac plongez au c\u0153ur du poumon de la plan\u00e8te.\" \/>\n<meta name=\"robots\" content=\"index, follow, max-snippet:-1, max-image-preview:large, max-video-preview:-1\" \/>\n<link rel=\"canonical\" href=\"http:\/\/awe-amazonia.com\/index.php\/chez-lhabitant\/\" \/>\n<meta property=\"og:locale\" content=\"fr_FR\" \/>\n<meta property=\"og:type\" content=\"article\" \/>\n<meta property=\"og:title\" content=\"Amazonie en immersion chez l&#039;habitant - Agence locale | AWE\" \/>\n<meta property=\"og:description\" content=\"Au Br\u00e9sil, d\u00e9couvrez l&#039;Amazonie hors des sentiers battus. Chez l&#039;habitant et en bivouac plongez au c\u0153ur du poumon de la plan\u00e8te.\" \/>\n<meta property=\"og:url\" content=\"http:\/\/awe-amazonia.com\/index.php\/chez-lhabitant\/\" \/>\n<meta property=\"og:site_name\" content=\"Amazonia Wild Experience\" \/>\n<meta property=\"article:modified_time\" content=\"2022-02-23T07:28:04+00:00\" \/>\n<meta property=\"og:image\" content=\"http:\/\/awe-amazonia.com\/wp-content\/uploads\/2020\/12\/decouverte-en-pirogue-de-lamazonie.jpg\" \/>\n\t<meta property=\"og:image:width\" content=\"1998\" \/>\n\t<meta property=\"og:image:height\" content=\"1332\" \/>\n\t<meta property=\"og:image:type\" content=\"image\/jpeg\" \/>\n<meta name=\"twitter:card\" content=\"summary_large_image\" \/>\n<meta name=\"twitter:label1\" content=\"Dur\u00e9e de lecture estim\u00e9e\" \/>\n\t<meta name=\"twitter:data1\" content=\"5 minutes\" \/>\n<script type=\"application\/ld+json\" class=\"yoast-schema-graph\">{\"@context\":\"https:\/\/schema.org\",\"@graph\":[{\"@type\":\"WebPage\",\"@id\":\"http:\/\/awe-amazonia.com\/index.php\/chez-lhabitant\/\",\"url\":\"http:\/\/awe-amazonia.com\/index.php\/chez-lhabitant\/\",\"name\":\"Amazonie en immersion chez l'habitant - Agence locale | AWE\",\"isPartOf\":{\"@id\":\"https:\/\/awe-amazonia.com\/?lang=en\/#website\"},\"primaryImageOfPage\":{\"@id\":\"http:\/\/awe-amazonia.com\/index.php\/chez-lhabitant\/#primaryimage\"},\"image\":{\"@id\":\"http:\/\/awe-amazonia.com\/index.php\/chez-lhabitant\/#primaryimage\"},\"thumbnailUrl\":\"http:\/\/awe-amazonia.com\/wp-content\/uploads\/2020\/12\/decouverte-en-pirogue-de-lamazonie.jpg\",\"datePublished\":\"2021-12-21T15:21:34+00:00\",\"dateModified\":\"2022-02-23T07:28:04+00:00\",\"description\":\"Au Br\u00e9sil, d\u00e9couvrez l'Amazonie hors des sentiers battus. Chez l'habitant et en bivouac plongez au c\u0153ur du poumon de la plan\u00e8te.\",\"breadcrumb\":{\"@id\":\"http:\/\/awe-amazonia.com\/index.php\/chez-lhabitant\/#breadcrumb\"},\"inLanguage\":\"fr-FR\",\"potentialAction\":[{\"@type\":\"ReadAction\",\"target\":[\"http:\/\/awe-amazonia.com\/index.php\/chez-lhabitant\/\"]}]},{\"@type\":\"ImageObject\",\"inLanguage\":\"fr-FR\",\"@id\":\"http:\/\/awe-amazonia.com\/index.php\/chez-lhabitant\/#primaryimage\",\"url\":\"http:\/\/awe-amazonia.com\/wp-content\/uploads\/2020\/12\/decouverte-en-pirogue-de-lamazonie.jpg\",\"contentUrl\":\"http:\/\/awe-amazonia.com\/wp-content\/uploads\/2020\/12\/decouverte-en-pirogue-de-lamazonie.jpg\",\"width\":1998,\"height\":1332,\"caption\":\"pirogue visite amazonie guide\"},{\"@type\":\"BreadcrumbList\",\"@id\":\"http:\/\/awe-amazonia.com\/index.php\/chez-lhabitant\/#breadcrumb\",\"itemListElement\":[{\"@type\":\"ListItem\",\"position\":1,\"name\":\"Accueil\",\"item\":\"https:\/\/awe-amazonia.com\/\"},{\"@type\":\"ListItem\",\"position\":2,\"name\":\"Amazonie en immersion et chez l&#8217;habitant\"}]},{\"@type\":\"WebSite\",\"@id\":\"https:\/\/awe-amazonia.com\/?lang=en\/#website\",\"url\":\"https:\/\/awe-amazonia.com\/?lang=en\/\",\"name\":\"Amazonia Wild Experience\",\"description\":\"Voyage sur mesure en Amazonie - Aventures au Br\u00e9sil et au Guyana\",\"publisher\":{\"@id\":\"https:\/\/awe-amazonia.com\/?lang=en\/#organization\"},\"potentialAction\":[{\"@type\":\"SearchAction\",\"target\":{\"@type\":\"EntryPoint\",\"urlTemplate\":\"https:\/\/awe-amazonia.com\/?lang=en\/?s={search_term_string}\"},\"query-input\":{\"@type\":\"PropertyValueSpecification\",\"valueRequired\":true,\"valueName\":\"search_term_string\"}}],\"inLanguage\":\"fr-FR\"},{\"@type\":\"Organization\",\"@id\":\"https:\/\/awe-amazonia.com\/?lang=en\/#organization\",\"name\":\"Amazonia Wild Experience\",\"url\":\"https:\/\/awe-amazonia.com\/?lang=en\/\",\"logo\":{\"@type\":\"ImageObject\",\"inLanguage\":\"fr-FR\",\"@id\":\"https:\/\/awe-amazonia.com\/?lang=en\/#\/schema\/logo\/image\/\",\"url\":\"https:\/\/awe-amazonia.com\/wp-content\/uploads\/2020\/09\/cropped-Logo.png\",\"contentUrl\":\"https:\/\/awe-amazonia.com\/wp-content\/uploads\/2020\/09\/cropped-Logo.png\",\"width\":512,\"height\":512,\"caption\":\"Amazonia Wild Experience\"},\"image\":{\"@id\":\"https:\/\/awe-amazonia.com\/?lang=en\/#\/schema\/logo\/image\/\"}}]}<\/script>\n<!-- \/ Yoast SEO plugin. -->","yoast_head_json":{"title":"Amazonie en immersion chez l'habitant - Agence locale | AWE","description":"Au Br\u00e9sil, d\u00e9couvrez l'Amazonie hors des sentiers battus. Chez l'habitant et en bivouac plongez au c\u0153ur du poumon de la plan\u00e8te.","robots":{"index":"index","follow":"follow","max-snippet":"max-snippet:-1","max-image-preview":"max-image-preview:large","max-video-preview":"max-video-preview:-1"},"canonical":"http:\/\/awe-amazonia.com\/index.php\/chez-lhabitant\/","og_locale":"fr_FR","og_type":"article","og_title":"Amazonie en immersion chez l'habitant - Agence locale | AWE","og_description":"Au Br\u00e9sil, d\u00e9couvrez l'Amazonie hors des sentiers battus. Chez l'habitant et en bivouac plongez au c\u0153ur du poumon de la plan\u00e8te.","og_url":"http:\/\/awe-amazonia.com\/index.php\/chez-lhabitant\/","og_site_name":"Amazonia Wild Experience","article_modified_time":"2022-02-23T07:28:04+00:00","og_image":[{"width":1998,"height":1332,"url":"http:\/\/awe-amazonia.com\/wp-content\/uploads\/2020\/12\/decouverte-en-pirogue-de-lamazonie.jpg","type":"image\/jpeg"}],"twitter_card":"summary_large_image","twitter_misc":{"Dur\u00e9e de lecture estim\u00e9e":"5 minutes"},"schema":{"@context":"https:\/\/schema.org","@graph":[{"@type":"WebPage","@id":"http:\/\/awe-amazonia.com\/index.php\/chez-lhabitant\/","url":"http:\/\/awe-amazonia.com\/index.php\/chez-lhabitant\/","name":"Amazonie en immersion chez l'habitant - Agence locale | AWE","isPartOf":{"@id":"https:\/\/awe-amazonia.com\/?lang=en\/#website"},"primaryImageOfPage":{"@id":"http:\/\/awe-amazonia.com\/index.php\/chez-lhabitant\/#primaryimage"},"image":{"@id":"http:\/\/awe-amazonia.com\/index.php\/chez-lhabitant\/#primaryimage"},"thumbnailUrl":"http:\/\/awe-amazonia.com\/wp-content\/uploads\/2020\/12\/decouverte-en-pirogue-de-lamazonie.jpg","datePublished":"2021-12-21T15:21:34+00:00","dateModified":"2022-02-23T07:28:04+00:00","description":"Au Br\u00e9sil, d\u00e9couvrez l'Amazonie hors des sentiers battus. Chez l'habitant et en bivouac plongez au c\u0153ur du poumon de la plan\u00e8te.","breadcrumb":{"@id":"http:\/\/awe-amazonia.com\/index.php\/chez-lhabitant\/#breadcrumb"},"inLanguage":"fr-FR","potentialAction":[{"@type":"ReadAction","target":["http:\/\/awe-amazonia.com\/index.php\/chez-lhabitant\/"]}]},{"@type":"ImageObject","inLanguage":"fr-FR","@id":"http:\/\/awe-amazonia.com\/index.php\/chez-lhabitant\/#primaryimage","url":"http:\/\/awe-amazonia.com\/wp-content\/uploads\/2020\/12\/decouverte-en-pirogue-de-lamazonie.jpg","contentUrl":"http:\/\/awe-amazonia.com\/wp-content\/uploads\/2020\/12\/decouverte-en-pirogue-de-lamazonie.jpg","width":1998,"height":1332,"caption":"pirogue visite amazonie guide"},{"@type":"BreadcrumbList","@id":"http:\/\/awe-amazonia.com\/index.php\/chez-lhabitant\/#breadcrumb","itemListElement":[{"@type":"ListItem","position":1,"name":"Accueil","item":"https:\/\/awe-amazonia.com\/"},{"@type":"ListItem","position":2,"name":"Amazonie en immersion et chez l&#8217;habitant"}]},{"@type":"WebSite","@id":"https:\/\/awe-amazonia.com\/?lang=en\/#website","url":"https:\/\/awe-amazonia.com\/?lang=en\/","name":"Amazonia Wild Experience","description":"Voyage sur mesure en Amazonie - Aventures au Br\u00e9sil et au Guyana","publisher":{"@id":"https:\/\/awe-amazonia.com\/?lang=en\/#organization"},"potentialAction":[{"@type":"SearchAction","target":{"@type":"EntryPoint","urlTemplate":"https:\/\/awe-amazonia.com\/?lang=en\/?s={search_term_string}"},"query-input":{"@type":"PropertyValueSpecification","valueRequired":true,"valueName":"search_term_string"}}],"inLanguage":"fr-FR"},{"@type":"Organization","@id":"https:\/\/awe-amazonia.com\/?lang=en\/#organization","name":"Amazonia Wild Experience","url":"https:\/\/awe-amazonia.com\/?lang=en\/","logo":{"@type":"ImageObject","inLanguage":"fr-FR","@id":"https:\/\/awe-amazonia.com\/?lang=en\/#\/schema\/logo\/image\/","url":"https:\/\/awe-amazonia.com\/wp-content\/uploads\/2020\/09\/cropped-Logo.png","contentUrl":"https:\/\/awe-amazonia.com\/wp-content\/uploads\/2020\/09\/cropped-Logo.png","width":512,"height":512,"caption":"Amazonia Wild Experience"},"image":{"@id":"https:\/\/awe-amazonia.com\/?lang=en\/#\/schema\/logo\/image\/"}}]}},"_links":{"self":[{"href":"http:\/\/awe-amazonia.com\/index.php\/wp-json\/wp\/v2\/pages\/16268","targetHints":{"allow":["GET"]}}],"collection":[{"href":"http:\/\/awe-amazonia.com\/index.php\/wp-json\/wp\/v2\/pages"}],"about":[{"href":"http:\/\/awe-amazonia.com\/index.php\/wp-json\/wp\/v2\/types\/page"}],"author":[{"embeddable":true,"href":"http:\/\/awe-amazonia.com\/index.php\/wp-json\/wp\/v2\/users\/1"}],"replies":[{"embeddable":true,"href":"http:\/\/awe-amazonia.com\/index.php\/wp-json\/wp\/v2\/comments?post=16268"}],"version-history":[{"count":32,"href":"http:\/\/awe-amazonia.com\/index.php\/wp-json\/wp\/v2\/pages\/16268\/revisions"}],"predecessor-version":[{"id":18660,"href":"http:\/\/awe-amazonia.com\/index.php\/wp-json\/wp\/v2\/pages\/16268\/revisions\/18660"}],"wp:featuredmedia":[{"embeddable":true,"href":"http:\/\/awe-amazonia.com\/index.php\/wp-json\/wp\/v2\/media\/6169"}],"wp:attachment":[{"href":"http:\/\/awe-amazonia.com\/index.php\/wp-json\/wp\/v2\/media?parent=16268"}],"curies":[{"name":"wp","href":"https:\/\/api.w.org\/{rel}","templated":true}]}}