{"id":4174,"date":"2020-09-07T12:06:36","date_gmt":"2020-09-07T10:06:36","guid":{"rendered":"https:\/\/awe-amazonia.com\/?page_id=4174"},"modified":"2023-05-31T22:15:06","modified_gmt":"2023-05-31T20:15:06","slug":"quand-partir-en-amazonie-au-bresil","status":"publish","type":"page","link":"http:\/\/awe-amazonia.com\/index.php\/quand-partir-en-amazonie-au-bresil\/","title":{"rendered":"Quand partir en Amazonie ?"},"content":{"rendered":"<div  class=\"one withsmallpadding ppb_header \" style=\"text-align:left;padding:30px 0 30px 0;\" >\n<div class=\"standard_wrapper\">\n<div class=\"page_content_wrapper\">\n<div class=\"inner\">\n<div style=\"margin:auto;width:100%\">\n<h2 class=\"ppb_title\" style=\"\">Quelle est la meilleure p\u00e9riode pour voyager en Amazonie ?<\/h2>\n<div class=\"ppb_header_content\">\n<p>Le climat de la for\u00eat se caract\u00e9rise par une chaleur intense et de fortes pluies tout au long de l\u2019ann\u00e9e. Il n\u2019en est pas moins que les \u00e9volutions de l\u2019indice pluviom\u00e9trique \u00e9voluent pendant l\u2019ann\u00e9e. Ainsi l&rsquo;ann\u00e9e pr\u00e9sente 2 saisons fortement marqu\u00e9es. La saison s\u00e8che de mai \u00e0 octobre, quand les lits des rivi\u00e8res diminuent et laissent place \u00e0 des plages ; et la saison des pluies, de novembre \u00e0 avril, quand les rivi\u00e8res d\u00e9bordent et inondent les for\u00eats.<\/p>\n<p>D&rsquo;une fa\u00e7on g\u00e9n\u00e9rale, les habitants de la r\u00e9gion amazonienne, o\u00f9 qu&rsquo;ils soient, d\u00e9signent la saison s\u00e8che comme \u00ab \u00e9t\u00e9 \u00bb et la saison des pluie \u00ab hiver \u00bb.<br \/>\nDurant Juillet et Ao\u00fbt, le sud de l\u2019Amazonie est affect\u00e9 par les fum\u00e9es des feux gigantesques issus de l\u2019activit\u00e9 humaine. On appelle ceci \u00ab l\u2019arc de la d\u00e9forestation \u00bb. Il cause de s\u00e9rieux probl\u00e8mes respiratoires aux populations vivant dans cette r\u00e9gion.<br \/>\nA l\u2019extr\u00eame nord des \u00e9tats de l\u2019Amazonas et du Par\u00e1, \u00e0 l\u2019ouest de l\u2019Amap\u00e1 et dans tout l\u2019\u00e9tat de Roraima, les saisons s\u00e8ches et humides interviennent dans un ordre oppos\u00e9 quant \u00e0 celui des autres r\u00e9gions.<\/p>\n<p>De ce fait, l\u2019Amazonie peut \u00eatre explor\u00e9e tous les mois de l\u2019ann\u00e9e, avec un charme diff\u00e9rent selon la saison. Il conviendra de cibler l&rsquo;\u00e9poque de l&rsquo;ann\u00e9e pendant laquelle vous souhaitez voyager en fonction de la r\u00e9gion d&rsquo;Amazonie que vous voulez d\u00e9couvrir.<\/p>\n<\/div>\n<\/div>\n<\/div>\n<\/div>\n<\/div>\n<\/div>\n<div  class=\"one withsmallpadding ppb_text\" style=\"text-align:left;padding:30px 0 30px 0;\" >\n<div class=\"standard_wrapper\">\n<div class=\"page_content_wrapper\">\n<div class=\"inner\">\n<div style=\"margin:auto;width:100%\">\n<div class=\"one_half \" style=\"\"><img decoding=\"async\" src=\"https:\/\/awe-amazonia.com\/wp-content\/uploads\/2020\/12\/navigation-sur-le-rio-negro-anavilhanas.jpg\" alt=\"\" class=\"\" data-animation=\"\" style=\"\" \/><\/div>\n<div class=\"one_half last \" style=\"\">\n<h3>Le climat dans la r\u00e9gion de Manaus<\/h3>\n<p>Les meilleures p\u00e9riodes pour voyager dans la r\u00e9gion de Manaus sont les mois relativement secs entre juin et mi-d\u00e9cembre. De janvier \u00e0 juillet, c\u2019est l\u2019hiver, il ne fait \u00ab\u00a0que\u00a0\u00bb de 23 \u00e0 30 \u00b0C pour un climat tr\u00e8s humide. D\u2019ao\u00fbt \u00e0 d\u00e9cembre, c\u2019est l\u2019\u00e9t\u00e9, il fait plus chaud et sec. La temp\u00e9rature peut grimper jusqu\u2019\u00e0 40 \u00b0C et plusieurs jours peuvent s&rsquo;\u00e9couler sans pluie.<\/p>\n<p>Parfois en \u00e9t\u00e9, le ciel se couvre soudainement, et les \u00e9l\u00e9ments s\u2019occupent de nous\u2026 Il va pleuvoir ! 20 minutes de douche, puis le soleil revient.<\/p>\n<p>C&rsquo;est le charme de l&rsquo;Amazonie.<\/p>\n<\/div>\n<p><br class=\"clear\"\/><br \/>\n<br class=\"clear\" \/><\/p>\n<div class=\"one_half \" style=\"\">\n<h3>Climat au nord de l&rsquo;Amazonie br\u00e9silienne, Roraima et Guyana<\/h3>\n<p>Bien que la quantit\u00e9 totale de pr\u00e9cipitations soit \u00e9lev\u00e9e comme de partout en Amazonie, ici il y a une saison s\u00e8che pendant laquelle les temp\u00e9ratures augmentent et plusieurs jours passent sans qu&rsquo;il ne pleuve. Elle d\u00e9bute au mois d&rsquo;octobre et prend fin au mois de mars, pour laisser place \u00e0 des pluies fr\u00e9quentes et soutenues.<\/p>\n<p>En avril et en septembre les pluies sont mod\u00e9r\u00e9es, tandis qu&rsquo;elles sont abondantes de mai \u00e0 ao\u00fbt.<\/p>\n<p>Cette r\u00e9gion offre d\u2019\u00e9normes possibilit\u00e9s pour la d\u00e9couverte de la nature, l\u2019\u00e9cotourisme, l\u2019aventure et les treks. D\u00e9couvrir la for\u00eat intacte des terres indig\u00e8nes du nord du Br\u00e9sil et du Guyana constitue une exp\u00e9rience unique. Nous vous invitons \u00e0 voyager dans cette partie d&rsquo;Amazonie, hors des sentiers battus et hors du temps.<\/p>\n<\/div>\n<div class=\"one_half last \" style=\"\"><img decoding=\"async\" src=\"https:\/\/awe-amazonia.com\/wp-content\/uploads\/2020\/12\/foret-amazonienne-dense-et-humide.jpg\" alt=\"\" class=\"animated\" data-animation=\"slideLeft\" style=\"\" \/><\/div>\n<p><br class=\"clear\"\/><br \/>\n<br class=\"clear\" \/><\/p>\n<div class=\"one_half \" style=\"\"><img decoding=\"async\" src=\"https:\/\/awe-amazonia.com\/wp-content\/uploads\/2020\/12\/vila-de-moura.jpg\" alt=\"\" class=\"animated\" data-animation=\"slideUp\" style=\"\" \/><\/div>\n<div class=\"one_half last \" style=\"\">\n<h3>Le climat dans la r\u00e9gion de S\u00e3o Gabriel da Cachoeira<\/h3>\n<p>Nous sugg\u00e9rons les mois les plus secs soit de juin \u00e0 mi-d\u00e9cembre. La ville se situe \u00e0 850 km de Manaus.<\/p>\n<p>Cette petite enclave dans la for\u00eat amazonienne sur les bords du Rio Negro constitue le principal acc\u00e8s au parc du pico da Neblina ainsi qu\u2019aux terres indig\u00e8nes toutes proches.<\/p>\n<p>90% de la population de la ville elle-m\u00eame est am\u00e9rindienne o\u00f9 pr\u00e8s de 23 ethnies cohabitent. Pour acc\u00e9der aux terres indig\u00e8nes de la r\u00e9gion, o\u00f9 les pratiques traditionnelles perdurent, il nous faudra une autorisation sp\u00e9cifique pour notre exp\u00e9dition.<\/p>\n<\/div>\n<p><br class=\"clear\"\/><\/p>\n<h3>Recommandations pour les voyageurs :<\/h3>\n<p>Si vous pr\u00e9voyez de voyager en Amazonie br\u00e9silienne, il est important de prendre en compte le climat de la r\u00e9gion. Pendant la saison des pluies, les sentiers peuvent \u00eatre boueux et les activit\u00e9s en plein air peuvent \u00eatre limit\u00e9es. Pendant la saison s\u00e8che, les temp\u00e9ratures peuvent \u00eatre plus \u00e9lev\u00e9es, mais les conditions sont g\u00e9n\u00e9ralement plus propices \u00e0 l&rsquo;exploration de la jungle et aux activit\u00e9s nautiques. N&rsquo;oubliez pas d&#8217;emporter des v\u00eatements l\u00e9gers, des chaussures de randonn\u00e9e, des produits anti-moustiques et de vous hydrater r\u00e9guli\u00e8rement.<\/p>\n<h4>Conclusion :<\/h4>\n<p>Le climat en Amazonie au Br\u00e9sil est caract\u00e9ris\u00e9 par des temp\u00e9ratures tropicales, des pr\u00e9cipitations abondantes et une humidit\u00e9 \u00e9lev\u00e9e. Ces conditions favorisent la croissance de la v\u00e9g\u00e9tation luxuriante et contribuent \u00e0 la biodiversit\u00e9 exceptionnelle de la r\u00e9gion. Que vous souhaitiez explorer la for\u00eat tropicale, d\u00e9couvrir les nombreux cours d&rsquo;eau ou observer la faune et la flore uniques, l&rsquo;Amazonie br\u00e9silienne vous offre une exp\u00e9rience immersive dans un environnement naturel spectaculaire.<\/p>\n<p>\u00a0<\/p>\n<\/div>\n<\/div>\n<\/div>\n<\/div>\n<\/div>\n","protected":false},"excerpt":{"rendered":"<p>Quelle est la meilleure p\u00e9riode pour voyager en Amazonie ? Le climat de la for\u00eat se caract\u00e9rise par une chaleur intense et de fortes pluies tout au long de l\u2019ann\u00e9e. Il n\u2019en est pas moins que les \u00e9volutions de l\u2019indice [&hellip;]<\/p>\n","protected":false},"author":1,"featured_media":6124,"parent":0,"menu_order":0,"comment_status":"closed","ping_status":"closed","template":"","meta":{"iawp_total_views":2579,"footnotes":""},"class_list":["post-4174","page","type-page","status-publish","has-post-thumbnail","hentry"],"yoast_head":"<!-- This site is optimized with the Yoast SEO plugin v27.1.1 - https:\/\/yoast.com\/product\/yoast-seo-wordpress\/ -->\n<title>Quand partir en Amazonie ? - Conseils voyage<\/title>\n<meta name=\"description\" content=\"D\u00e9couvrez la meilleure p\u00e9riode pour voyager en Amazonie et profiter au maximum de cette fascinante r\u00e9gion. Explorez les saisons, les conditions climatiques et les fluctuations de la faune et de la flore pour planifier votre voyage id\u00e9al. Que vous recherchiez une exp\u00e9rience de jungle luxuriante ou des rencontres avec la faune, trouvez la p\u00e9riode id\u00e9ale pour vivre une aventure inoubliable en Amazonie.\" \/>\n<meta name=\"robots\" content=\"index, follow, max-snippet:-1, max-image-preview:large, max-video-preview:-1\" \/>\n<link rel=\"canonical\" href=\"http:\/\/awe-amazonia.com\/index.php\/quand-partir-en-amazonie-au-bresil\/\" \/>\n<meta property=\"og:locale\" content=\"fr_FR\" \/>\n<meta property=\"og:type\" content=\"article\" \/>\n<meta property=\"og:title\" content=\"Quand partir en Amazonie ? - Conseils voyage\" \/>\n<meta property=\"og:description\" content=\"D\u00e9couvrez la meilleure p\u00e9riode pour voyager en Amazonie et profiter au maximum de cette fascinante r\u00e9gion. Explorez les saisons, les conditions climatiques et les fluctuations de la faune et de la flore pour planifier votre voyage id\u00e9al. Que vous recherchiez une exp\u00e9rience de jungle luxuriante ou des rencontres avec la faune, trouvez la p\u00e9riode id\u00e9ale pour vivre une aventure inoubliable en Amazonie.\" \/>\n<meta property=\"og:url\" content=\"http:\/\/awe-amazonia.com\/index.php\/quand-partir-en-amazonie-au-bresil\/\" \/>\n<meta property=\"og:site_name\" content=\"Amazonia Wild Experience\" \/>\n<meta property=\"article:modified_time\" content=\"2023-05-31T20:15:06+00:00\" \/>\n<meta property=\"og:image\" content=\"https:\/\/awe-amazonia.com\/wp-content\/uploads\/2020\/12\/moura1.jpg\" \/>\n\t<meta property=\"og:image:width\" content=\"1071\" \/>\n\t<meta property=\"og:image:height\" content=\"508\" \/>\n\t<meta property=\"og:image:type\" content=\"image\/jpeg\" \/>\n<meta name=\"twitter:card\" content=\"summary_large_image\" \/>\n<meta name=\"twitter:label1\" content=\"Dur\u00e9e de lecture estim\u00e9e\" \/>\n\t<meta name=\"twitter:data1\" content=\"4 minutes\" \/>\n<script type=\"application\/ld+json\" class=\"yoast-schema-graph\">{\"@context\":\"https:\/\/schema.org\",\"@graph\":[{\"@type\":\"WebPage\",\"@id\":\"http:\/\/awe-amazonia.com\/index.php\/quand-partir-en-amazonie-au-bresil\/\",\"url\":\"http:\/\/awe-amazonia.com\/index.php\/quand-partir-en-amazonie-au-bresil\/\",\"name\":\"Quand partir en Amazonie ? - Conseils voyage\",\"isPartOf\":{\"@id\":\"https:\/\/awe-amazonia.com\/#website\"},\"primaryImageOfPage\":{\"@id\":\"http:\/\/awe-amazonia.com\/index.php\/quand-partir-en-amazonie-au-bresil\/#primaryimage\"},\"image\":{\"@id\":\"http:\/\/awe-amazonia.com\/index.php\/quand-partir-en-amazonie-au-bresil\/#primaryimage\"},\"thumbnailUrl\":\"http:\/\/awe-amazonia.com\/wp-content\/uploads\/2020\/12\/moura1.jpg\",\"datePublished\":\"2020-09-07T10:06:36+00:00\",\"dateModified\":\"2023-05-31T20:15:06+00:00\",\"description\":\"D\u00e9couvrez la meilleure p\u00e9riode pour voyager en Amazonie et profiter au maximum de cette fascinante r\u00e9gion. Explorez les saisons, les conditions climatiques et les fluctuations de la faune et de la flore pour planifier votre voyage id\u00e9al. Que vous recherchiez une exp\u00e9rience de jungle luxuriante ou des rencontres avec la faune, trouvez la p\u00e9riode id\u00e9ale pour vivre une aventure inoubliable en Amazonie.\",\"breadcrumb\":{\"@id\":\"http:\/\/awe-amazonia.com\/index.php\/quand-partir-en-amazonie-au-bresil\/#breadcrumb\"},\"inLanguage\":\"fr-FR\",\"potentialAction\":[{\"@type\":\"ReadAction\",\"target\":[\"http:\/\/awe-amazonia.com\/index.php\/quand-partir-en-amazonie-au-bresil\/\"]}]},{\"@type\":\"ImageObject\",\"inLanguage\":\"fr-FR\",\"@id\":\"http:\/\/awe-amazonia.com\/index.php\/quand-partir-en-amazonie-au-bresil\/#primaryimage\",\"url\":\"http:\/\/awe-amazonia.com\/wp-content\/uploads\/2020\/12\/moura1.jpg\",\"contentUrl\":\"http:\/\/awe-amazonia.com\/wp-content\/uploads\/2020\/12\/moura1.jpg\",\"width\":1071,\"height\":508,\"caption\":\"Moura sur les rives\"},{\"@type\":\"BreadcrumbList\",\"@id\":\"http:\/\/awe-amazonia.com\/index.php\/quand-partir-en-amazonie-au-bresil\/#breadcrumb\",\"itemListElement\":[{\"@type\":\"ListItem\",\"position\":1,\"name\":\"Accueil\",\"item\":\"https:\/\/awe-amazonia.com\/\"},{\"@type\":\"ListItem\",\"position\":2,\"name\":\"Quand partir en Amazonie ?\"}]},{\"@type\":\"WebSite\",\"@id\":\"https:\/\/awe-amazonia.com\/#website\",\"url\":\"https:\/\/awe-amazonia.com\/\",\"name\":\"Amazonia Wild Experience\",\"description\":\"Voyage sur mesure en Amazonie - Aventures au Br\u00e9sil et au Guyana\",\"publisher\":{\"@id\":\"https:\/\/awe-amazonia.com\/#organization\"},\"potentialAction\":[{\"@type\":\"SearchAction\",\"target\":{\"@type\":\"EntryPoint\",\"urlTemplate\":\"https:\/\/awe-amazonia.com\/?s={search_term_string}\"},\"query-input\":{\"@type\":\"PropertyValueSpecification\",\"valueRequired\":true,\"valueName\":\"search_term_string\"}}],\"inLanguage\":\"fr-FR\"},{\"@type\":\"Organization\",\"@id\":\"https:\/\/awe-amazonia.com\/#organization\",\"name\":\"Amazonia Wild Experience\",\"url\":\"https:\/\/awe-amazonia.com\/\",\"logo\":{\"@type\":\"ImageObject\",\"inLanguage\":\"fr-FR\",\"@id\":\"https:\/\/awe-amazonia.com\/#\/schema\/logo\/image\/\",\"url\":\"https:\/\/awe-amazonia.com\/wp-content\/uploads\/2020\/09\/cropped-Logo.png\",\"contentUrl\":\"https:\/\/awe-amazonia.com\/wp-content\/uploads\/2020\/09\/cropped-Logo.png\",\"width\":512,\"height\":512,\"caption\":\"Amazonia Wild Experience\"},\"image\":{\"@id\":\"https:\/\/awe-amazonia.com\/#\/schema\/logo\/image\/\"}}]}<\/script>\n<!-- \/ Yoast SEO plugin. -->","yoast_head_json":{"title":"Quand partir en Amazonie ? - Conseils voyage","description":"D\u00e9couvrez la meilleure p\u00e9riode pour voyager en Amazonie et profiter au maximum de cette fascinante r\u00e9gion. Explorez les saisons, les conditions climatiques et les fluctuations de la faune et de la flore pour planifier votre voyage id\u00e9al. Que vous recherchiez une exp\u00e9rience de jungle luxuriante ou des rencontres avec la faune, trouvez la p\u00e9riode id\u00e9ale pour vivre une aventure inoubliable en Amazonie.","robots":{"index":"index","follow":"follow","max-snippet":"max-snippet:-1","max-image-preview":"max-image-preview:large","max-video-preview":"max-video-preview:-1"},"canonical":"http:\/\/awe-amazonia.com\/index.php\/quand-partir-en-amazonie-au-bresil\/","og_locale":"fr_FR","og_type":"article","og_title":"Quand partir en Amazonie ? - Conseils voyage","og_description":"D\u00e9couvrez la meilleure p\u00e9riode pour voyager en Amazonie et profiter au maximum de cette fascinante r\u00e9gion. Explorez les saisons, les conditions climatiques et les fluctuations de la faune et de la flore pour planifier votre voyage id\u00e9al. Que vous recherchiez une exp\u00e9rience de jungle luxuriante ou des rencontres avec la faune, trouvez la p\u00e9riode id\u00e9ale pour vivre une aventure inoubliable en Amazonie.","og_url":"http:\/\/awe-amazonia.com\/index.php\/quand-partir-en-amazonie-au-bresil\/","og_site_name":"Amazonia Wild Experience","article_modified_time":"2023-05-31T20:15:06+00:00","og_image":[{"width":1071,"height":508,"url":"https:\/\/awe-amazonia.com\/wp-content\/uploads\/2020\/12\/moura1.jpg","type":"image\/jpeg"}],"twitter_card":"summary_large_image","twitter_misc":{"Dur\u00e9e de lecture estim\u00e9e":"4 minutes"},"schema":{"@context":"https:\/\/schema.org","@graph":[{"@type":"WebPage","@id":"http:\/\/awe-amazonia.com\/index.php\/quand-partir-en-amazonie-au-bresil\/","url":"http:\/\/awe-amazonia.com\/index.php\/quand-partir-en-amazonie-au-bresil\/","name":"Quand partir en Amazonie ? - Conseils voyage","isPartOf":{"@id":"https:\/\/awe-amazonia.com\/#website"},"primaryImageOfPage":{"@id":"http:\/\/awe-amazonia.com\/index.php\/quand-partir-en-amazonie-au-bresil\/#primaryimage"},"image":{"@id":"http:\/\/awe-amazonia.com\/index.php\/quand-partir-en-amazonie-au-bresil\/#primaryimage"},"thumbnailUrl":"http:\/\/awe-amazonia.com\/wp-content\/uploads\/2020\/12\/moura1.jpg","datePublished":"2020-09-07T10:06:36+00:00","dateModified":"2023-05-31T20:15:06+00:00","description":"D\u00e9couvrez la meilleure p\u00e9riode pour voyager en Amazonie et profiter au maximum de cette fascinante r\u00e9gion. Explorez les saisons, les conditions climatiques et les fluctuations de la faune et de la flore pour planifier votre voyage id\u00e9al. Que vous recherchiez une exp\u00e9rience de jungle luxuriante ou des rencontres avec la faune, trouvez la p\u00e9riode id\u00e9ale pour vivre une aventure inoubliable en Amazonie.","breadcrumb":{"@id":"http:\/\/awe-amazonia.com\/index.php\/quand-partir-en-amazonie-au-bresil\/#breadcrumb"},"inLanguage":"fr-FR","potentialAction":[{"@type":"ReadAction","target":["http:\/\/awe-amazonia.com\/index.php\/quand-partir-en-amazonie-au-bresil\/"]}]},{"@type":"ImageObject","inLanguage":"fr-FR","@id":"http:\/\/awe-amazonia.com\/index.php\/quand-partir-en-amazonie-au-bresil\/#primaryimage","url":"http:\/\/awe-amazonia.com\/wp-content\/uploads\/2020\/12\/moura1.jpg","contentUrl":"http:\/\/awe-amazonia.com\/wp-content\/uploads\/2020\/12\/moura1.jpg","width":1071,"height":508,"caption":"Moura sur les rives"},{"@type":"BreadcrumbList","@id":"http:\/\/awe-amazonia.com\/index.php\/quand-partir-en-amazonie-au-bresil\/#breadcrumb","itemListElement":[{"@type":"ListItem","position":1,"name":"Accueil","item":"https:\/\/awe-amazonia.com\/"},{"@type":"ListItem","position":2,"name":"Quand partir en Amazonie ?"}]},{"@type":"WebSite","@id":"https:\/\/awe-amazonia.com\/#website","url":"https:\/\/awe-amazonia.com\/","name":"Amazonia Wild Experience","description":"Voyage sur mesure en Amazonie - Aventures au Br\u00e9sil et au Guyana","publisher":{"@id":"https:\/\/awe-amazonia.com\/#organization"},"potentialAction":[{"@type":"SearchAction","target":{"@type":"EntryPoint","urlTemplate":"https:\/\/awe-amazonia.com\/?s={search_term_string}"},"query-input":{"@type":"PropertyValueSpecification","valueRequired":true,"valueName":"search_term_string"}}],"inLanguage":"fr-FR"},{"@type":"Organization","@id":"https:\/\/awe-amazonia.com\/#organization","name":"Amazonia Wild Experience","url":"https:\/\/awe-amazonia.com\/","logo":{"@type":"ImageObject","inLanguage":"fr-FR","@id":"https:\/\/awe-amazonia.com\/#\/schema\/logo\/image\/","url":"https:\/\/awe-amazonia.com\/wp-content\/uploads\/2020\/09\/cropped-Logo.png","contentUrl":"https:\/\/awe-amazonia.com\/wp-content\/uploads\/2020\/09\/cropped-Logo.png","width":512,"height":512,"caption":"Amazonia Wild Experience"},"image":{"@id":"https:\/\/awe-amazonia.com\/#\/schema\/logo\/image\/"}}]}},"_links":{"self":[{"href":"http:\/\/awe-amazonia.com\/index.php\/wp-json\/wp\/v2\/pages\/4174","targetHints":{"allow":["GET"]}}],"collection":[{"href":"http:\/\/awe-amazonia.com\/index.php\/wp-json\/wp\/v2\/pages"}],"about":[{"href":"http:\/\/awe-amazonia.com\/index.php\/wp-json\/wp\/v2\/types\/page"}],"author":[{"embeddable":true,"href":"http:\/\/awe-amazonia.com\/index.php\/wp-json\/wp\/v2\/users\/1"}],"replies":[{"embeddable":true,"href":"http:\/\/awe-amazonia.com\/index.php\/wp-json\/wp\/v2\/comments?post=4174"}],"version-history":[{"count":43,"href":"http:\/\/awe-amazonia.com\/index.php\/wp-json\/wp\/v2\/pages\/4174\/revisions"}],"predecessor-version":[{"id":29869,"href":"http:\/\/awe-amazonia.com\/index.php\/wp-json\/wp\/v2\/pages\/4174\/revisions\/29869"}],"wp:featuredmedia":[{"embeddable":true,"href":"http:\/\/awe-amazonia.com\/index.php\/wp-json\/wp\/v2\/media\/6124"}],"wp:attachment":[{"href":"http:\/\/awe-amazonia.com\/index.php\/wp-json\/wp\/v2\/media?parent=4174"}],"curies":[{"name":"wp","href":"https:\/\/api.w.org\/{rel}","templated":true}]}}