{"id":9138,"date":"2020-09-30T08:16:00","date_gmt":"2020-09-30T06:16:00","guid":{"rendered":"https:\/\/awe-amazonia.com\/index.php\/les-amerindiens\/"},"modified":"2021-04-01T16:19:27","modified_gmt":"2021-04-01T14:19:27","slug":"les-amerindiens","status":"publish","type":"page","link":"http:\/\/awe-amazonia.com\/index.php\/les-amerindiens\/?lang=pt-br","title":{"rendered":"Cultura ind\u00edgena"},"content":{"rendered":"<div  class=\"one withsmallpadding ppb_header \" style=\"text-align:left;padding:30px 0 30px 0;\" >\n<div class=\"standard_wrapper\">\n<div class=\"page_content_wrapper\">\n<div class=\"inner\">\n<div style=\"margin:auto;width:100%\">\n<h2 class=\"ppb_title\" style=\"\">Os \u00edndios, guardi\u00f5es da floresta<\/h2>\n<div class=\"ppb_header_content\">\n<p><strong>Os \u00edndios est\u00e3o mais para um sonho e uma civiliza\u00e7\u00e3o do que para um grupo \u00e9tnico. Eles vivem da ca\u00e7a nas reservas em autossubsist\u00eancia, eles s\u00e3o as testemunhas das civiliza\u00e7\u00f5es passadas, as vezes esteticamente superiores e conservadas gra\u00e7as a tradi\u00e7\u00e3o oral, s\u00e3o eles que falam com o vento e com a floresta, s\u00e3o eles que est\u00e3o amea\u00e7ados. <\/strong><\/p>\n<p>A gigantesca bacia fluvial da Amaz\u00f4nia permitiu aos \u00edndios de possu\u00edrem uma cultura sensivelmente similar e de quase todos terem um mesmo estilo de vida. As diferen\u00e7as s\u00e3o atribu\u00eddas as localiza\u00e7\u00f5es geogr\u00e1ficas e a vontade dos grupos \u00e9tnicos de se diferenciar.<\/p>\n<p>A vegeta\u00e7\u00e3o exuberante da Amaz\u00f4nia leva a pensar que \u00e9 s\u00f3 passear pela floresta para encontrar em abund\u00e2ncia frutas, enseadas, pequenos animais para ca\u00e7ar e peixes. Na realidade, n\u00e3o \u00e9 desse jeito.\u00a0 Foi preciso aos \u00cdndios uma grande capacidade de observa\u00e7\u00e3o para tirar proveito do meio ambiente em que vivem. A riqueza de conhecimento bot\u00e2nicos que eles possuem \u00e9, com certeza uma vantagem imensur\u00e1vel, mas a verdade \u00e9 que a luta pela vida \u00e9 permanente. A procura por comida \u00e9 a principal atividade. Os \u00edndios tiram a subsist\u00eancia da cultura do solo, da colheita, da pesca e da ca\u00e7a. Todas as atividades s\u00e3o divididas entre os homens e as mulheres e o planejamento do tempo muda conforma a esta\u00e7\u00e3o do ano.<\/p>\n<p>Eles eram em m\u00e9dia 6 milh\u00f5es em 1500 e atualmente eles s\u00e3o menos de um milh\u00e3o. Eles foram dizimados pelos que foram na busca do ouro e da borracha, pela gripe pela fome, pelas doen\u00e7as ven\u00e9reas, pela tuberculose, pelo paludismo que veio atrav\u00e9s dos insetos transportados nas bagagens, pelo sarampo, pela cegueira dos rios e pelo merc\u00fario jogado nos rios pelos garimpeiros.<\/p>\n<p>A Funai que \u00e9 organismo encarregado da prote\u00e7\u00e3o dos povos ind\u00edgenas e que dispunha de meios irris\u00f3rios est\u00e1 mais do que nunca deixada ao abandono.<\/p>\n<p>\u00a0<\/p>\n<\/div>\n<\/div>\n<\/div>\n<\/div>\n<\/div>\n<\/div>\n<div  class=\"one withsmallpadding ppb_text\" style=\"text-align:left;padding:30px 0 30px 0;\" >\n<div class=\"standard_wrapper\">\n<div class=\"page_content_wrapper\">\n<div class=\"inner\">\n<div style=\"margin:auto;width:100%\">\n<div class=\"one_half \" style=\"\"><img decoding=\"async\" src=\"https:\/\/awe-amazonia.com\/wp-content\/uploads\/2020\/12\/yanomamis.jpg\" alt=\"\" class=\"\" data-animation=\"\" style=\"\" \/><\/div>\n<div class=\"one_half last \" style=\"\">\n<h3>Os Yanomamis<\/h3>\n<p>Eles foram descobertos em 1800 no oeste de Boa Vista, no estado de Roraima na fronteira com a Venezuela. Eles se diferenciam pelos tr\u00eas palitos finos que usam em volta da boca, pelas pinturas no rosto e o penteado com franja. Eles s\u00e3o semin\u00f4mades. Eles vivem da ca\u00e7a, colheita e da mandioca.<br \/>\nCada vez mais, os garimpeiros clandestinos invadem o territ\u00f3rio dos Yanomamis, que \u00e9 muito rico em ouro.<br \/>\nRaros s\u00e3o os pol\u00edticos que agem em defesa do povo Yanomami. Jo\u00eania Wapichana \u00e9 a primeira mulher ind\u00edgena eleita deputada federal no Brasil, ela est\u00e1 sediada na C\u00e2mara dos Deputados. Ela est\u00e1 sozinha diante do governo e da bancada ruralista que est\u00e3o determinados a destruir os direitos ind\u00edgenas e tirar a posse das terras ind\u00edgenas. <\/p>\n<\/div>\n<p><br class=\"clear\"\/><br \/>\n<br class=\"clear\" \/><\/p>\n<div class=\"one_half \" style=\"\">\n<h3>Os Kayapos<\/h3>\n<p>Nos estados do Mato Grosso e do Par\u00e1, no cora\u00e7\u00e3o da floresta amaz\u00f4nica fica o territ\u00f3rio dos \u00edndios Kayapos.<br \/>\nO povo Kayapo \u00e9 uma das 17 na\u00e7\u00f5es que mora no Vale do Rio Xingu.<br \/>\nAs mulheres e as crian\u00e7as vivem separado dos homens: elas possuem hist\u00f3rias particulares, choros e cantos pr\u00f3prios e que s\u00e3o diferentes dos que os homens possuem.<br \/>\nO chefe da tribo coordena todas as atividades e transmite os conhecimentos aos jovens. O habitat \u00e9 constitu\u00eddo de cabanas retangulares com troncos de madeira e folhas de palmeira, organizada num campo circular. O centro da aldeia \u00e9 chamado de<br \/>\nNgab e \u00e9 muito importante: as mulheres se re\u00fanem nele para organizar as atividades cotidianas, os homens falam de pol\u00edtica e fazem o artesanato no local. As casas guardam unicamente as redes e as reservas de comida.<br \/>\nOs Kayapos s\u00e3o os mestres incontest\u00e1veis da arte com plumas. Atrav\u00e9s dessa arte eles expressam o lugar dos p\u00e1ssaros na representa\u00e7\u00e3o do mundo.<\/p>\n<\/div>\n<div class=\"one_half last \" style=\"\"><img decoding=\"async\" src=\"https:\/\/awe-amazonia.com\/wp-content\/uploads\/2020\/12\/Raoni.png\" alt=\"\" class=\"animated\" data-animation=\"slideLeft\" style=\"\" \/><\/div>\n<p><br class=\"clear\"\/><br \/>\n<br class=\"clear\" \/><\/p>\n<div class=\"one_half \" style=\"\"><img decoding=\"async\" src=\"https:\/\/awe-amazonia.com\/wp-content\/uploads\/2020\/12\/fleches.jpg\" alt=\"\" class=\"animated\" data-animation=\"slideUp\" style=\"\" \/><\/div>\n<div class=\"one_half last \" style=\"\">\n<h3>Os Wapishanas<\/h3>\n<p>\u00c9 um grupo da mesma fam\u00edlia \u00e9tnica dos Arawaks, com forte influ\u00eancia dos vizinhos Karib. Eles tinham 13 467 membros em 1987, 5 730 na Guiana e 7 737 no Brasil.<br \/>\nEles dividem as reservas com os Makuxi, esses \u00faltimos vivem no norte e no nordeste dos territ\u00f3rios dos Wapishana. No Brasil, eles vivem no estado de Roraima, e ficam ao longo dos rios Arraias, Surumu e Quitauau e na Guiana eles vivem na regi\u00e3o do haut-Takutu\/Alto- Takutu e do haut-Essequibo\/Alto-Essequibo.<br \/>\nEles vivem nas \u00e1reas de savana de terras firmes, em florestas tropicais secas e \u00famidas. O ambiente que eles vivem est\u00e1 fortemente prejudicado pela cria\u00e7\u00e3o extensiva de gado, pela instala\u00e7\u00e3o de arame farpado e pela explora\u00e7\u00e3o de diamantes o que provoca tens\u00f5es permanentes com os grandes propriet\u00e1rios de terras que exploram as riquezas da regi\u00e3o dos Wapishanas.<\/p>\n<\/div>\n<p><br class=\"clear\"\/><\/p>\n<p><br class=\"clear\" \/><\/p>\n<div class=\"one_half \" style=\"\">\n<h3>Os Wai-wai<\/h3>\n<p>A tribo dos Wai-Wai faz parte da popula\u00e7\u00e3o ind\u00edgena da Guiana. Eles est\u00e3o na regi\u00e3o mais ao sul do pa\u00eds, conhecida pelo nome de Konashen. Os Wai-Wai s\u00e3o conhecidos por serem \u00f3timos ca\u00e7adores, tecel\u00f5es, fazendeiros e pescadores. Eles ca\u00e7am v\u00e1rios animais como os tatus, os veados, as antas, os tucanos&#8230;<\/p>\n<p>O papel das mulheres \u00e9 tecer os colares de gr\u00e3os e as redes, mas tamb\u00e9m o de fabricar as raspas da mandioca e de fazer a cer\u00e2mica. Na cultura dos Wai-Wai, as mulheres t\u00eam um papel muito importante.<\/p>\n<p>A popularidade dos homens depende da qualidade do trabalho feito pela esposa e da fertilidade dela. Geralmente os casamentos s\u00e3o entre primos de primeiro grau. Para os Wai-Wai, o yaskomo (m\u00e9dico, xaman) \u00e9 capaz de praticar um ritual chamado \u00ab Viagem astral \u00bb, que \u00e9 fazer sair o corpo ps\u00edquico (a alma) do corpo f\u00edsico.<\/p>\n<\/div>\n<div class=\"one_half last \" style=\"\"><img decoding=\"async\" src=\"https:\/\/awe-amazonia.com\/wp-content\/uploads\/2020\/12\/amerindien-Photos-Antonio-12.jpg\" alt=\"\" class=\"animated\" data-animation=\"fadeIn\" style=\"\" \/><\/div>\n<p><br class=\"clear\"\/><br \/>\n<br class=\"clear\" \/><\/p>\n<div class=\"one_half \" style=\"\"><\/div>\n<\/div>\n<\/div>\n<\/div>\n<\/div>\n<\/div>\n","protected":false},"excerpt":{"rendered":"<p>Os \u00edndios, guardi\u00f5es da floresta Os \u00edndios est\u00e3o mais para um sonho e uma civiliza\u00e7\u00e3o do que para um grupo \u00e9tnico. Eles vivem da ca\u00e7a nas reservas em autossubsist\u00eancia, eles s\u00e3o as testemunhas das civiliza\u00e7\u00f5es passadas, as vezes esteticamente superiores [&hellip;]<\/p>\n","protected":false},"author":1,"featured_media":9140,"parent":0,"menu_order":0,"comment_status":"closed","ping_status":"closed","template":"","meta":{"iawp_total_views":380,"footnotes":""},"class_list":["post-9138","page","type-page","status-publish","has-post-thumbnail","hentry"],"yoast_head":"<!-- This site is optimized with the Yoast SEO plugin v27.1.1 - https:\/\/yoast.com\/product\/yoast-seo-wordpress\/ -->\n<title>Cultura ind\u00edgena - Amazonia Wild Experience<\/title>\n<meta name=\"robots\" content=\"index, follow, max-snippet:-1, max-image-preview:large, max-video-preview:-1\" \/>\n<link rel=\"canonical\" href=\"http:\/\/awe-amazonia.com\/index.php\/les-amerindiens\/\" \/>\n<meta property=\"og:locale\" content=\"fr_FR\" \/>\n<meta property=\"og:type\" content=\"article\" \/>\n<meta property=\"og:title\" content=\"Cultura ind\u00edgena - Amazonia Wild Experience\" \/>\n<meta property=\"og:description\" content=\"Os \u00edndios, guardi\u00f5es da floresta Os \u00edndios est\u00e3o mais para um sonho e uma civiliza\u00e7\u00e3o do que para um grupo \u00e9tnico. Eles vivem da ca\u00e7a nas reservas em autossubsist\u00eancia, eles s\u00e3o as testemunhas das civiliza\u00e7\u00f5es passadas, as vezes esteticamente superiores [&hellip;]\" \/>\n<meta property=\"og:url\" content=\"http:\/\/awe-amazonia.com\/index.php\/les-amerindiens\/?lang=pt-br\" \/>\n<meta property=\"og:site_name\" content=\"Amazonia Wild Experience\" \/>\n<meta property=\"article:modified_time\" content=\"2021-04-01T14:19:27+00:00\" \/>\n<meta property=\"og:image\" content=\"http:\/\/awe-amazonia.com\/wp-content\/uploads\/2020\/12\/Maloca.jpg\" \/>\n\t<meta property=\"og:image:width\" content=\"1200\" \/>\n\t<meta property=\"og:image:height\" content=\"800\" \/>\n\t<meta property=\"og:image:type\" content=\"image\/jpeg\" \/>\n<meta name=\"twitter:card\" content=\"summary_large_image\" \/>\n<meta name=\"twitter:label1\" content=\"Dur\u00e9e de lecture estim\u00e9e\" \/>\n\t<meta name=\"twitter:data1\" content=\"5 minutes\" \/>\n<script type=\"application\/ld+json\" class=\"yoast-schema-graph\">{\"@context\":\"https:\/\/schema.org\",\"@graph\":[{\"@type\":\"WebPage\",\"@id\":\"http:\/\/awe-amazonia.com\/index.php\/les-amerindiens\/?lang=pt-br\",\"url\":\"http:\/\/awe-amazonia.com\/index.php\/les-amerindiens\/?lang=pt-br\",\"name\":\"Cultura ind\u00edgena - Amazonia Wild Experience\",\"isPartOf\":{\"@id\":\"https:\/\/awe-amazonia.com\/#website\"},\"primaryImageOfPage\":{\"@id\":\"http:\/\/awe-amazonia.com\/index.php\/les-amerindiens\/?lang=pt-br#primaryimage\"},\"image\":{\"@id\":\"http:\/\/awe-amazonia.com\/index.php\/les-amerindiens\/?lang=pt-br#primaryimage\"},\"thumbnailUrl\":\"http:\/\/awe-amazonia.com\/wp-content\/uploads\/2020\/12\/Maloca.jpg\",\"datePublished\":\"2020-09-30T06:16:00+00:00\",\"dateModified\":\"2021-04-01T14:19:27+00:00\",\"breadcrumb\":{\"@id\":\"http:\/\/awe-amazonia.com\/index.php\/les-amerindiens\/?lang=pt-br#breadcrumb\"},\"inLanguage\":\"fr-FR\",\"potentialAction\":[{\"@type\":\"ReadAction\",\"target\":[\"http:\/\/awe-amazonia.com\/index.php\/les-amerindiens\/?lang=pt-br\"]}]},{\"@type\":\"ImageObject\",\"inLanguage\":\"fr-FR\",\"@id\":\"http:\/\/awe-amazonia.com\/index.php\/les-amerindiens\/?lang=pt-br#primaryimage\",\"url\":\"http:\/\/awe-amazonia.com\/wp-content\/uploads\/2020\/12\/Maloca.jpg\",\"contentUrl\":\"http:\/\/awe-amazonia.com\/wp-content\/uploads\/2020\/12\/Maloca.jpg\",\"width\":1200,\"height\":800},{\"@type\":\"BreadcrumbList\",\"@id\":\"http:\/\/awe-amazonia.com\/index.php\/les-amerindiens\/?lang=pt-br#breadcrumb\",\"itemListElement\":[{\"@type\":\"ListItem\",\"position\":1,\"name\":\"Accueil\",\"item\":\"https:\/\/awe-amazonia.com\/\"},{\"@type\":\"ListItem\",\"position\":2,\"name\":\"Cultura ind\u00edgena\"}]},{\"@type\":\"WebSite\",\"@id\":\"https:\/\/awe-amazonia.com\/#website\",\"url\":\"https:\/\/awe-amazonia.com\/\",\"name\":\"Amazonia Wild Experience\",\"description\":\"Voyage sur mesure en Amazonie - Aventures au Br\u00e9sil et au Guyana\",\"publisher\":{\"@id\":\"https:\/\/awe-amazonia.com\/#organization\"},\"potentialAction\":[{\"@type\":\"SearchAction\",\"target\":{\"@type\":\"EntryPoint\",\"urlTemplate\":\"https:\/\/awe-amazonia.com\/?s={search_term_string}\"},\"query-input\":{\"@type\":\"PropertyValueSpecification\",\"valueRequired\":true,\"valueName\":\"search_term_string\"}}],\"inLanguage\":\"fr-FR\"},{\"@type\":\"Organization\",\"@id\":\"https:\/\/awe-amazonia.com\/#organization\",\"name\":\"Amazonia Wild Experience\",\"url\":\"https:\/\/awe-amazonia.com\/\",\"logo\":{\"@type\":\"ImageObject\",\"inLanguage\":\"fr-FR\",\"@id\":\"https:\/\/awe-amazonia.com\/#\/schema\/logo\/image\/\",\"url\":\"https:\/\/awe-amazonia.com\/wp-content\/uploads\/2020\/09\/cropped-Logo.png\",\"contentUrl\":\"https:\/\/awe-amazonia.com\/wp-content\/uploads\/2020\/09\/cropped-Logo.png\",\"width\":512,\"height\":512,\"caption\":\"Amazonia Wild Experience\"},\"image\":{\"@id\":\"https:\/\/awe-amazonia.com\/#\/schema\/logo\/image\/\"}}]}<\/script>\n<!-- \/ Yoast SEO plugin. -->","yoast_head_json":{"title":"Cultura ind\u00edgena - Amazonia Wild Experience","robots":{"index":"index","follow":"follow","max-snippet":"max-snippet:-1","max-image-preview":"max-image-preview:large","max-video-preview":"max-video-preview:-1"},"canonical":"http:\/\/awe-amazonia.com\/index.php\/les-amerindiens\/","og_locale":"fr_FR","og_type":"article","og_title":"Cultura ind\u00edgena - Amazonia Wild Experience","og_description":"Os \u00edndios, guardi\u00f5es da floresta Os \u00edndios est\u00e3o mais para um sonho e uma civiliza\u00e7\u00e3o do que para um grupo \u00e9tnico. Eles vivem da ca\u00e7a nas reservas em autossubsist\u00eancia, eles s\u00e3o as testemunhas das civiliza\u00e7\u00f5es passadas, as vezes esteticamente superiores [&hellip;]","og_url":"http:\/\/awe-amazonia.com\/index.php\/les-amerindiens\/?lang=pt-br","og_site_name":"Amazonia Wild Experience","article_modified_time":"2021-04-01T14:19:27+00:00","og_image":[{"width":1200,"height":800,"url":"http:\/\/awe-amazonia.com\/wp-content\/uploads\/2020\/12\/Maloca.jpg","type":"image\/jpeg"}],"twitter_card":"summary_large_image","twitter_misc":{"Dur\u00e9e de lecture estim\u00e9e":"5 minutes"},"schema":{"@context":"https:\/\/schema.org","@graph":[{"@type":"WebPage","@id":"http:\/\/awe-amazonia.com\/index.php\/les-amerindiens\/?lang=pt-br","url":"http:\/\/awe-amazonia.com\/index.php\/les-amerindiens\/?lang=pt-br","name":"Cultura ind\u00edgena - Amazonia Wild Experience","isPartOf":{"@id":"https:\/\/awe-amazonia.com\/#website"},"primaryImageOfPage":{"@id":"http:\/\/awe-amazonia.com\/index.php\/les-amerindiens\/?lang=pt-br#primaryimage"},"image":{"@id":"http:\/\/awe-amazonia.com\/index.php\/les-amerindiens\/?lang=pt-br#primaryimage"},"thumbnailUrl":"http:\/\/awe-amazonia.com\/wp-content\/uploads\/2020\/12\/Maloca.jpg","datePublished":"2020-09-30T06:16:00+00:00","dateModified":"2021-04-01T14:19:27+00:00","breadcrumb":{"@id":"http:\/\/awe-amazonia.com\/index.php\/les-amerindiens\/?lang=pt-br#breadcrumb"},"inLanguage":"fr-FR","potentialAction":[{"@type":"ReadAction","target":["http:\/\/awe-amazonia.com\/index.php\/les-amerindiens\/?lang=pt-br"]}]},{"@type":"ImageObject","inLanguage":"fr-FR","@id":"http:\/\/awe-amazonia.com\/index.php\/les-amerindiens\/?lang=pt-br#primaryimage","url":"http:\/\/awe-amazonia.com\/wp-content\/uploads\/2020\/12\/Maloca.jpg","contentUrl":"http:\/\/awe-amazonia.com\/wp-content\/uploads\/2020\/12\/Maloca.jpg","width":1200,"height":800},{"@type":"BreadcrumbList","@id":"http:\/\/awe-amazonia.com\/index.php\/les-amerindiens\/?lang=pt-br#breadcrumb","itemListElement":[{"@type":"ListItem","position":1,"name":"Accueil","item":"https:\/\/awe-amazonia.com\/"},{"@type":"ListItem","position":2,"name":"Cultura ind\u00edgena"}]},{"@type":"WebSite","@id":"https:\/\/awe-amazonia.com\/#website","url":"https:\/\/awe-amazonia.com\/","name":"Amazonia Wild Experience","description":"Voyage sur mesure en Amazonie - Aventures au Br\u00e9sil et au Guyana","publisher":{"@id":"https:\/\/awe-amazonia.com\/#organization"},"potentialAction":[{"@type":"SearchAction","target":{"@type":"EntryPoint","urlTemplate":"https:\/\/awe-amazonia.com\/?s={search_term_string}"},"query-input":{"@type":"PropertyValueSpecification","valueRequired":true,"valueName":"search_term_string"}}],"inLanguage":"fr-FR"},{"@type":"Organization","@id":"https:\/\/awe-amazonia.com\/#organization","name":"Amazonia Wild Experience","url":"https:\/\/awe-amazonia.com\/","logo":{"@type":"ImageObject","inLanguage":"fr-FR","@id":"https:\/\/awe-amazonia.com\/#\/schema\/logo\/image\/","url":"https:\/\/awe-amazonia.com\/wp-content\/uploads\/2020\/09\/cropped-Logo.png","contentUrl":"https:\/\/awe-amazonia.com\/wp-content\/uploads\/2020\/09\/cropped-Logo.png","width":512,"height":512,"caption":"Amazonia Wild Experience"},"image":{"@id":"https:\/\/awe-amazonia.com\/#\/schema\/logo\/image\/"}}]}},"_links":{"self":[{"href":"http:\/\/awe-amazonia.com\/index.php\/wp-json\/wp\/v2\/pages\/9138","targetHints":{"allow":["GET"]}}],"collection":[{"href":"http:\/\/awe-amazonia.com\/index.php\/wp-json\/wp\/v2\/pages"}],"about":[{"href":"http:\/\/awe-amazonia.com\/index.php\/wp-json\/wp\/v2\/types\/page"}],"author":[{"embeddable":true,"href":"http:\/\/awe-amazonia.com\/index.php\/wp-json\/wp\/v2\/users\/1"}],"replies":[{"embeddable":true,"href":"http:\/\/awe-amazonia.com\/index.php\/wp-json\/wp\/v2\/comments?post=9138"}],"version-history":[{"count":6,"href":"http:\/\/awe-amazonia.com\/index.php\/wp-json\/wp\/v2\/pages\/9138\/revisions"}],"predecessor-version":[{"id":9506,"href":"http:\/\/awe-amazonia.com\/index.php\/wp-json\/wp\/v2\/pages\/9138\/revisions\/9506"}],"wp:featuredmedia":[{"embeddable":true,"href":"http:\/\/awe-amazonia.com\/index.php\/wp-json\/wp\/v2\/media\/9140"}],"wp:attachment":[{"href":"http:\/\/awe-amazonia.com\/index.php\/wp-json\/wp\/v2\/media?parent=9138"}],"curies":[{"name":"wp","href":"https:\/\/api.w.org\/{rel}","templated":true}]}}