{"id":9197,"date":"2020-09-20T17:35:04","date_gmt":"2020-09-20T15:35:04","guid":{"rendered":"https:\/\/awe-amazonia.com\/index.php\/nos-valeurs-et-notre-engagement\/"},"modified":"2021-04-01T14:23:34","modified_gmt":"2021-04-01T12:23:34","slug":"nos-valeurs-et-notre-engagement","status":"publish","type":"page","link":"http:\/\/awe-amazonia.com\/index.php\/nos-valeurs-et-notre-engagement\/?lang=pt-br","title":{"rendered":"Nossos valores e o nosso compromisso"},"content":{"rendered":"<div  class=\"one ppb_card_two_cols_with_image\" style=\"position:relative;padding:0px 0 0px 0;\" >\n<div class=\"standard_wrapper\">\n<div class=\"page_content_wrapper\">\n<div class=\"inner\">\n<div class=\"one_half parallax_scroll\" style=\"width:50%;position:absolute;padding:0px;z-index:2;block !important;background:#fff;\" data-stellar-ratio=\"1.3\">\n<h2 class=\"ppb_title\" style=\"\">Amar e Respeitar<\/h2>\n<div class=\"ppb_header_content\">\n<p>Vivemos para sentir. Sentir emo\u00e7\u00f5es fortes ou leves, vibrar, ter consci\u00eancia do que nos deixa realmente feliz.<\/p>\n<p>\u00c9 essa urg\u00eancia de vida, \u00e9 essa miss\u00e3o de proporcionar a cada um a possibilidade de viver na Amaz\u00f4nia experiencias f\u00edsicas e psicol\u00f3gicas que nos empolgam cotidianamente na Amaz\u00f4nia Wild Experience.<\/p>\n<p>As expedi\u00e7\u00f5es da Amaz\u00f4nia Wild Experience s\u00e3o constru\u00eddas sobre 4 pilares:<\/p>\n<\/div>\n<\/div>\n<div class=\"one_half parallax_scroll_image last\" style=\"width:50%;\"><\/div>\n<p><br class=\"clear\"\/><\/div>\n<\/div>\n<\/div>\n<\/div>\n<div class=\"standard_wrapper\">\n<div  class=\"one_half withsmallpadding ppb_text\" style=\"text-align:left;padding:30px 0 30px 0;\" >\n<div class=\"standard_wrapper\">\n<div class=\"page_content_wrapper\">\n<div class=\"inner\">\n<div style=\"margin:auto;width:100%\">\n<p><img decoding=\"async\" loading=\"lazy\" class=\"aligncenter size-full wp-image-9206\" src=\"https:\/\/awe-amazonia.com\/wp-content\/uploads\/2020\/12\/enfants-qui-jouent.jpg\" alt=\"\" width=\"800\" height=\"534\" \/><\/p>\n<h4 class=\"p1\" style=\"text-align: center;\"><span class=\"s1\"><b>A Divers\u00e3o<\/b><\/span><\/h4>\n<p style=\"text-align: center;\">Isso nos diverte, isso nos fascina\u2026A Amaz\u00f4nia \u00e9 como um grande campo de futebol onde a nossa reserva emocional transborda. O encantamento, o temor, a fascina\u00e7\u00e3o&#8230; esse Para\u00edso verde une as condi\u00e7\u00f5es ideais para qualquer um que busque viver o momento presente.<\/p>\n<\/div>\n<\/div>\n<\/div>\n<\/div>\n<\/div>\n<\/div>\n<div class=\"standard_wrapper\">\n<div  class=\"one_half last withsmallpadding ppb_text\" style=\"text-align:left;padding:30px 0 30px 0;\" >\n<div class=\"standard_wrapper\">\n<div class=\"page_content_wrapper\">\n<div class=\"inner\">\n<div style=\"margin:auto;width:100%\">\n<p><img decoding=\"async\" loading=\"lazy\" class=\"aligncenter size-full wp-image-9207\" src=\"https:\/\/awe-amazonia.com\/wp-content\/uploads\/2020\/12\/explication-guide-foret-amazonienne.jpg\" alt=\"guide foret amazonienne\" width=\"637\" height=\"424\" \/><\/p>\n<h4 class=\"p1\" style=\"text-align: center;\"><span class=\"s1\"><b>A Conscientiza\u00e7\u00e3o<\/b><\/span><\/h4>\n<p style=\"text-align: center;\">Expedi\u00e7\u00f5es sob medida, aventuras \u00fanicas, momentos privilegiados em simbiose com a natureza para encontrar a chave da pr\u00f3pria liberdade. Relativizar a pr\u00f3pria condi\u00e7\u00e3o, o pr\u00f3prio cotidiano, descobrir uma outra realidade, a do respeito profundo ou do desconhecido que libera uma sede de descoberta.<\/p>\n<\/div>\n<\/div>\n<\/div>\n<\/div>\n<\/div>\n<\/div>\n<div class=\"standard_wrapper\">\n<div  class=\"one_half last withsmallpadding ppb_text\" style=\"text-align:left;padding:30px 0 30px 0;\" >\n<div class=\"standard_wrapper\">\n<div class=\"page_content_wrapper\">\n<div class=\"inner\">\n<div style=\"margin:auto;width:100%\">\n<p><img decoding=\"async\" loading=\"lazy\" class=\"aligncenter size-full wp-image-9207\" src=\"https:\/\/awe-amazonia.com\/wp-content\/uploads\/2020\/12\/explication-guide-foret-amazonienne.jpg\" alt=\"guide foret amazonienne\" width=\"637\" height=\"424\" \/><\/p>\n<h4 class=\"p1\" style=\"text-align: center;\"><span class=\"s1\"><b>A Conscientiza\u00e7\u00e3o<\/b><\/span><\/h4>\n<p style=\"text-align: center;\">Expedi\u00e7\u00f5es sob medida, aventuras \u00fanicas, momentos privilegiados em simbiose com a natureza para encontrar a chave da pr\u00f3pria liberdade. Relativizar a pr\u00f3pria condi\u00e7\u00e3o, o pr\u00f3prio cotidiano, descobrir uma outra realidade, a do respeito profundo ou do desconhecido que libera uma sede de descoberta.<\/p>\n<\/div>\n<\/div>\n<\/div>\n<\/div>\n<\/div>\n<\/div>\n<div class=\"standard_wrapper\">\n<div  class=\"one_half withsmallpadding ppb_text\" style=\"text-align:left;padding:30px 0 30px 0;\" >\n<div class=\"standard_wrapper\">\n<div class=\"page_content_wrapper\">\n<div class=\"inner\">\n<div style=\"margin:auto;width:100%\">\n<p><img decoding=\"async\" loading=\"lazy\" class=\"aligncenter size-full wp-image-6059\" src=\"https:\/\/awe-amazonia.com\/wp-content\/uploads\/2020\/12\/Tatou-1.jpg\" alt=\"tatou\" width=\"900\" height=\"608\" \/><\/p>\n<h4 class=\"p1\" style=\"text-align: center;\"><span class=\"s1\"><b>A Preserva\u00e7\u00e3o<\/b><\/span><\/h4>\n<p style=\"text-align: center;\">A Amaz\u00f4nia \u00e9 uma terra em fogo, literalmente ou de forma romanceada conforme os per\u00edodos, esta terra sofre. Em contraste com a imensid\u00e3o majestosa, o equil\u00edbrio dela \u00e9 fr\u00e1gil. \u00a0Uma das \u00faltimas terras da cria\u00e7\u00e3o divina. \u00a0Divulgar o conhecimento sobre esses recantos \u00e9 multiplicar os disc\u00edpulos e fortificar a prote\u00e7\u00e3o dessa regi\u00e3o, \u00e9 o que nos empolga \u00e9 divulgar o conhecimento sobre esses recantos e multiplicar os disc\u00edpulos, fortificando a prote\u00e7\u00e3o dessa regi\u00e3o.<\/p>\n<\/div>\n<\/div>\n<\/div>\n<\/div>\n<\/div>\n<\/div>\n<div class=\"standard_wrapper\">\n<div  class=\"one_half last withsmallpadding ppb_text\" style=\"text-align:left;padding:30px 0 30px 0;\" >\n<div class=\"standard_wrapper\">\n<div class=\"page_content_wrapper\">\n<div class=\"inner\">\n<div style=\"margin:auto;width:100%\">\n<p><img decoding=\"async\" loading=\"lazy\" class=\"aligncenter size-full wp-image-9198\" src=\"https:\/\/awe-amazonia.com\/wp-content\/uploads\/2020\/12\/bivouac.jpg\" alt=\"guide accompagne vivouac amazonie\" width=\"840\" height=\"560\" \/><\/p>\n<h4 class=\"p1\" style=\"text-align: center;\"><span class=\"s1\"><b>A Autonomia<\/b><\/span><\/h4>\n<p style=\"text-align: center;\">N\u00f3s investimos em lutar contra as amea\u00e7as que caem sobra a Amaz\u00f4nia. Por esse motivo, nossas expedi\u00e7\u00f5es devem ser \u00abdur\u00e1veis\u00bb, s\u00f3 a marca dos nossos passos ficar\u00e1 na selva. Pois n\u00f3s s\u00f3 somos os convidados.<\/p>\n<\/div>\n<\/div>\n<\/div>\n<\/div>\n<\/div>\n<\/div>\n<div class=\"standard_wrapper\">\n<div  class=\"one_half last withsmallpadding ppb_text\" style=\"text-align:left;padding:30px 0 30px 0;\" >\n<div class=\"standard_wrapper\">\n<div class=\"page_content_wrapper\">\n<div class=\"inner\">\n<div style=\"margin:auto;width:100%\">\n<p><img decoding=\"async\" loading=\"lazy\" class=\"aligncenter size-full wp-image-9198\" src=\"https:\/\/awe-amazonia.com\/wp-content\/uploads\/2020\/12\/bivouac.jpg\" alt=\"guide accompagne vivouac amazonie\" width=\"840\" height=\"560\" \/><\/p>\n<h4 class=\"p1\" style=\"text-align: center;\"><span class=\"s1\"><b>A Autonomia<\/b><\/span><\/h4>\n<p style=\"text-align: center;\">N\u00f3s investimos em lutar contra as amea\u00e7as que caem sobra a Amaz\u00f4nia. Por esse motivo, nossas expedi\u00e7\u00f5es devem ser \u00abdur\u00e1veis\u00bb, s\u00f3 a marca dos nossos passos ficar\u00e1 na selva. Pois n\u00f3s s\u00f3 somos os convidados.<\/p>\n<\/div>\n<\/div>\n<\/div>\n<\/div>\n<\/div>\n<\/div>\n","protected":false},"excerpt":{"rendered":"<p>Amar e Respeitar Vivemos para sentir. Sentir emo\u00e7\u00f5es fortes ou leves, vibrar, ter consci\u00eancia do que nos deixa realmente feliz. \u00c9 essa urg\u00eancia de vida, \u00e9 essa miss\u00e3o de proporcionar a cada um a possibilidade de viver na Amaz\u00f4nia experiencias [&hellip;]<\/p>\n","protected":false},"author":2,"featured_media":9199,"parent":0,"menu_order":0,"comment_status":"closed","ping_status":"closed","template":"","meta":{"iawp_total_views":14,"footnotes":""},"class_list":["post-9197","page","type-page","status-publish","has-post-thumbnail","hentry"],"yoast_head":"<!-- This site is optimized with the Yoast SEO plugin v27.1.1 - https:\/\/yoast.com\/product\/yoast-seo-wordpress\/ -->\n<title>Nossos valores e o nosso compromisso - Amazonia Wild Experience<\/title>\n<meta name=\"robots\" content=\"index, follow, max-snippet:-1, max-image-preview:large, max-video-preview:-1\" \/>\n<link rel=\"canonical\" href=\"http:\/\/awe-amazonia.com\/index.php\/nos-valeurs-et-notre-engagement\/\" \/>\n<meta property=\"og:locale\" content=\"fr_FR\" \/>\n<meta property=\"og:type\" content=\"article\" \/>\n<meta property=\"og:title\" content=\"Nossos valores e o nosso compromisso - Amazonia Wild Experience\" \/>\n<meta property=\"og:description\" content=\"Amar e Respeitar Vivemos para sentir. Sentir emo\u00e7\u00f5es fortes ou leves, vibrar, ter consci\u00eancia do que nos deixa realmente feliz. \u00c9 essa urg\u00eancia de vida, \u00e9 essa miss\u00e3o de proporcionar a cada um a possibilidade de viver na Amaz\u00f4nia experiencias [&hellip;]\" \/>\n<meta property=\"og:url\" content=\"http:\/\/awe-amazonia.com\/index.php\/nos-valeurs-et-notre-engagement\/?lang=pt-br\" \/>\n<meta property=\"og:site_name\" content=\"Amazonia Wild Experience\" \/>\n<meta property=\"article:modified_time\" content=\"2021-04-01T12:23:34+00:00\" \/>\n<meta property=\"og:image\" content=\"https:\/\/awe-amazonia.com\/wp-content\/uploads\/2020\/12\/fille-chef-tribu-guyana.jpg\" \/>\n\t<meta property=\"og:image:width\" content=\"1911\" \/>\n\t<meta property=\"og:image:height\" content=\"1274\" \/>\n\t<meta property=\"og:image:type\" content=\"image\/jpeg\" \/>\n<meta name=\"twitter:card\" content=\"summary_large_image\" \/>\n<meta name=\"twitter:label1\" content=\"Dur\u00e9e de lecture estim\u00e9e\" \/>\n\t<meta name=\"twitter:data1\" content=\"2 minutes\" \/>\n<script type=\"application\/ld+json\" class=\"yoast-schema-graph\">{\"@context\":\"https:\/\/schema.org\",\"@graph\":[{\"@type\":\"WebPage\",\"@id\":\"http:\/\/awe-amazonia.com\/index.php\/nos-valeurs-et-notre-engagement\/?lang=pt-br\",\"url\":\"http:\/\/awe-amazonia.com\/index.php\/nos-valeurs-et-notre-engagement\/?lang=pt-br\",\"name\":\"Nossos valores e o nosso compromisso - Amazonia Wild Experience\",\"isPartOf\":{\"@id\":\"https:\/\/awe-amazonia.com\/?lang=en\/#website\"},\"primaryImageOfPage\":{\"@id\":\"http:\/\/awe-amazonia.com\/index.php\/nos-valeurs-et-notre-engagement\/?lang=pt-br#primaryimage\"},\"image\":{\"@id\":\"http:\/\/awe-amazonia.com\/index.php\/nos-valeurs-et-notre-engagement\/?lang=pt-br#primaryimage\"},\"thumbnailUrl\":\"http:\/\/awe-amazonia.com\/wp-content\/uploads\/2020\/12\/fille-chef-tribu-guyana.jpg\",\"datePublished\":\"2020-09-20T15:35:04+00:00\",\"dateModified\":\"2021-04-01T12:23:34+00:00\",\"breadcrumb\":{\"@id\":\"http:\/\/awe-amazonia.com\/index.php\/nos-valeurs-et-notre-engagement\/?lang=pt-br#breadcrumb\"},\"inLanguage\":\"fr-FR\",\"potentialAction\":[{\"@type\":\"ReadAction\",\"target\":[\"http:\/\/awe-amazonia.com\/index.php\/nos-valeurs-et-notre-engagement\/?lang=pt-br\"]}]},{\"@type\":\"ImageObject\",\"inLanguage\":\"fr-FR\",\"@id\":\"http:\/\/awe-amazonia.com\/index.php\/nos-valeurs-et-notre-engagement\/?lang=pt-br#primaryimage\",\"url\":\"http:\/\/awe-amazonia.com\/wp-content\/uploads\/2020\/12\/fille-chef-tribu-guyana.jpg\",\"contentUrl\":\"http:\/\/awe-amazonia.com\/wp-content\/uploads\/2020\/12\/fille-chef-tribu-guyana.jpg\",\"width\":1911,\"height\":1274},{\"@type\":\"BreadcrumbList\",\"@id\":\"http:\/\/awe-amazonia.com\/index.php\/nos-valeurs-et-notre-engagement\/?lang=pt-br#breadcrumb\",\"itemListElement\":[{\"@type\":\"ListItem\",\"position\":1,\"name\":\"Accueil\",\"item\":\"https:\/\/awe-amazonia.com\/\"},{\"@type\":\"ListItem\",\"position\":2,\"name\":\"Nossos valores e o nosso compromisso\"}]},{\"@type\":\"WebSite\",\"@id\":\"https:\/\/awe-amazonia.com\/?lang=en\/#website\",\"url\":\"https:\/\/awe-amazonia.com\/?lang=en\/\",\"name\":\"Amazonia Wild Experience\",\"description\":\"Voyage sur mesure en Amazonie - Aventures au Br\u00e9sil et au Guyana\",\"publisher\":{\"@id\":\"https:\/\/awe-amazonia.com\/?lang=en\/#organization\"},\"potentialAction\":[{\"@type\":\"SearchAction\",\"target\":{\"@type\":\"EntryPoint\",\"urlTemplate\":\"https:\/\/awe-amazonia.com\/?lang=en\/?s={search_term_string}\"},\"query-input\":{\"@type\":\"PropertyValueSpecification\",\"valueRequired\":true,\"valueName\":\"search_term_string\"}}],\"inLanguage\":\"fr-FR\"},{\"@type\":\"Organization\",\"@id\":\"https:\/\/awe-amazonia.com\/?lang=en\/#organization\",\"name\":\"Amazonia Wild Experience\",\"url\":\"https:\/\/awe-amazonia.com\/?lang=en\/\",\"logo\":{\"@type\":\"ImageObject\",\"inLanguage\":\"fr-FR\",\"@id\":\"https:\/\/awe-amazonia.com\/?lang=en\/#\/schema\/logo\/image\/\",\"url\":\"https:\/\/awe-amazonia.com\/wp-content\/uploads\/2020\/09\/cropped-Logo.png\",\"contentUrl\":\"https:\/\/awe-amazonia.com\/wp-content\/uploads\/2020\/09\/cropped-Logo.png\",\"width\":512,\"height\":512,\"caption\":\"Amazonia Wild Experience\"},\"image\":{\"@id\":\"https:\/\/awe-amazonia.com\/?lang=en\/#\/schema\/logo\/image\/\"}}]}<\/script>\n<!-- \/ Yoast SEO plugin. -->","yoast_head_json":{"title":"Nossos valores e o nosso compromisso - Amazonia Wild Experience","robots":{"index":"index","follow":"follow","max-snippet":"max-snippet:-1","max-image-preview":"max-image-preview:large","max-video-preview":"max-video-preview:-1"},"canonical":"http:\/\/awe-amazonia.com\/index.php\/nos-valeurs-et-notre-engagement\/","og_locale":"fr_FR","og_type":"article","og_title":"Nossos valores e o nosso compromisso - Amazonia Wild Experience","og_description":"Amar e Respeitar Vivemos para sentir. Sentir emo\u00e7\u00f5es fortes ou leves, vibrar, ter consci\u00eancia do que nos deixa realmente feliz. \u00c9 essa urg\u00eancia de vida, \u00e9 essa miss\u00e3o de proporcionar a cada um a possibilidade de viver na Amaz\u00f4nia experiencias [&hellip;]","og_url":"http:\/\/awe-amazonia.com\/index.php\/nos-valeurs-et-notre-engagement\/?lang=pt-br","og_site_name":"Amazonia Wild Experience","article_modified_time":"2021-04-01T12:23:34+00:00","og_image":[{"width":1911,"height":1274,"url":"https:\/\/awe-amazonia.com\/wp-content\/uploads\/2020\/12\/fille-chef-tribu-guyana.jpg","type":"image\/jpeg"}],"twitter_card":"summary_large_image","twitter_misc":{"Dur\u00e9e de lecture estim\u00e9e":"2 minutes"},"schema":{"@context":"https:\/\/schema.org","@graph":[{"@type":"WebPage","@id":"http:\/\/awe-amazonia.com\/index.php\/nos-valeurs-et-notre-engagement\/?lang=pt-br","url":"http:\/\/awe-amazonia.com\/index.php\/nos-valeurs-et-notre-engagement\/?lang=pt-br","name":"Nossos valores e o nosso compromisso - Amazonia Wild Experience","isPartOf":{"@id":"https:\/\/awe-amazonia.com\/?lang=en\/#website"},"primaryImageOfPage":{"@id":"http:\/\/awe-amazonia.com\/index.php\/nos-valeurs-et-notre-engagement\/?lang=pt-br#primaryimage"},"image":{"@id":"http:\/\/awe-amazonia.com\/index.php\/nos-valeurs-et-notre-engagement\/?lang=pt-br#primaryimage"},"thumbnailUrl":"http:\/\/awe-amazonia.com\/wp-content\/uploads\/2020\/12\/fille-chef-tribu-guyana.jpg","datePublished":"2020-09-20T15:35:04+00:00","dateModified":"2021-04-01T12:23:34+00:00","breadcrumb":{"@id":"http:\/\/awe-amazonia.com\/index.php\/nos-valeurs-et-notre-engagement\/?lang=pt-br#breadcrumb"},"inLanguage":"fr-FR","potentialAction":[{"@type":"ReadAction","target":["http:\/\/awe-amazonia.com\/index.php\/nos-valeurs-et-notre-engagement\/?lang=pt-br"]}]},{"@type":"ImageObject","inLanguage":"fr-FR","@id":"http:\/\/awe-amazonia.com\/index.php\/nos-valeurs-et-notre-engagement\/?lang=pt-br#primaryimage","url":"http:\/\/awe-amazonia.com\/wp-content\/uploads\/2020\/12\/fille-chef-tribu-guyana.jpg","contentUrl":"http:\/\/awe-amazonia.com\/wp-content\/uploads\/2020\/12\/fille-chef-tribu-guyana.jpg","width":1911,"height":1274},{"@type":"BreadcrumbList","@id":"http:\/\/awe-amazonia.com\/index.php\/nos-valeurs-et-notre-engagement\/?lang=pt-br#breadcrumb","itemListElement":[{"@type":"ListItem","position":1,"name":"Accueil","item":"https:\/\/awe-amazonia.com\/"},{"@type":"ListItem","position":2,"name":"Nossos valores e o nosso compromisso"}]},{"@type":"WebSite","@id":"https:\/\/awe-amazonia.com\/?lang=en\/#website","url":"https:\/\/awe-amazonia.com\/?lang=en\/","name":"Amazonia Wild Experience","description":"Voyage sur mesure en Amazonie - Aventures au Br\u00e9sil et au Guyana","publisher":{"@id":"https:\/\/awe-amazonia.com\/?lang=en\/#organization"},"potentialAction":[{"@type":"SearchAction","target":{"@type":"EntryPoint","urlTemplate":"https:\/\/awe-amazonia.com\/?lang=en\/?s={search_term_string}"},"query-input":{"@type":"PropertyValueSpecification","valueRequired":true,"valueName":"search_term_string"}}],"inLanguage":"fr-FR"},{"@type":"Organization","@id":"https:\/\/awe-amazonia.com\/?lang=en\/#organization","name":"Amazonia Wild Experience","url":"https:\/\/awe-amazonia.com\/?lang=en\/","logo":{"@type":"ImageObject","inLanguage":"fr-FR","@id":"https:\/\/awe-amazonia.com\/?lang=en\/#\/schema\/logo\/image\/","url":"https:\/\/awe-amazonia.com\/wp-content\/uploads\/2020\/09\/cropped-Logo.png","contentUrl":"https:\/\/awe-amazonia.com\/wp-content\/uploads\/2020\/09\/cropped-Logo.png","width":512,"height":512,"caption":"Amazonia Wild Experience"},"image":{"@id":"https:\/\/awe-amazonia.com\/?lang=en\/#\/schema\/logo\/image\/"}}]}},"_links":{"self":[{"href":"http:\/\/awe-amazonia.com\/index.php\/wp-json\/wp\/v2\/pages\/9197","targetHints":{"allow":["GET"]}}],"collection":[{"href":"http:\/\/awe-amazonia.com\/index.php\/wp-json\/wp\/v2\/pages"}],"about":[{"href":"http:\/\/awe-amazonia.com\/index.php\/wp-json\/wp\/v2\/types\/page"}],"author":[{"embeddable":true,"href":"http:\/\/awe-amazonia.com\/index.php\/wp-json\/wp\/v2\/users\/2"}],"replies":[{"embeddable":true,"href":"http:\/\/awe-amazonia.com\/index.php\/wp-json\/wp\/v2\/comments?post=9197"}],"version-history":[{"count":10,"href":"http:\/\/awe-amazonia.com\/index.php\/wp-json\/wp\/v2\/pages\/9197\/revisions"}],"predecessor-version":[{"id":9493,"href":"http:\/\/awe-amazonia.com\/index.php\/wp-json\/wp\/v2\/pages\/9197\/revisions\/9493"}],"wp:featuredmedia":[{"embeddable":true,"href":"http:\/\/awe-amazonia.com\/index.php\/wp-json\/wp\/v2\/media\/9199"}],"wp:attachment":[{"href":"http:\/\/awe-amazonia.com\/index.php\/wp-json\/wp\/v2\/media?parent=9197"}],"curies":[{"name":"wp","href":"https:\/\/api.w.org\/{rel}","templated":true}]}}