{"id":5525,"date":"2020-11-27T17:23:28","date_gmt":"2020-11-27T16:23:28","guid":{"rendered":"https:\/\/awe-amazonia.com\/?page_id=5525"},"modified":"2023-04-12T08:16:43","modified_gmt":"2023-04-12T06:16:43","slug":"notre-vision","status":"publish","type":"page","link":"https:\/\/awe-amazonia.com\/index.php\/notre-vision\/","title":{"rendered":"Notre vision, notre raison d&#8217;\u00eatre"},"content":{"rendered":"<div  class=\"one withsmallpadding ppb_header \" style=\"text-align:center;padding:50px 0 50px 0;margin-top:-40px;background-color:#000000;color:#ffffff;\" >\n<div class=\"standard_wrapper\">\n<div class=\"page_content_wrapper\">\n<div class=\"inner\">\n<div style=\"margin:auto;width:50%\">\n<div class=\"ppb_header_content\">\n<h3><span style=\"color: #ffffff;\">\u00ab R\u00e9inventer le tourisme d&rsquo;aventure en proposant un mod\u00e8le de voyage \u00e0 impacts social et environnemental positifs \u00bb<\/span><\/h3>\n<\/div>\n<\/div>\n<\/div>\n<\/div>\n<\/div>\n<\/div>\n<div  class=\"one withsmallpadding ppb_text\" style=\"text-align:left;padding:40px 0 40px 0;\" >\n<div class=\"standard_wrapper\">\n<div class=\"page_content_wrapper\">\n<div class=\"inner\">\n<div style=\"margin:auto;width:100%\">\n<p>Lorsque nous avons cr\u00e9\u00e9 Amaz\u00f4nia Wild Experience, nous avions cette obsession pour l&rsquo;aventure, les paysages, les rencontres, l\u2019observation animali\u00e8re, mais aussi et surtout, la pratique d\u2019un tourisme en accord avec l\u2019environnement et les communaut\u00e9s locales.<\/p>\n<p>Chez Amaz\u00f4nia Wild Experience, notre d\u00e9fi quotidien est de concilier le d\u00e9veloppement de notre activit\u00e9 avec le respect de l\u2019environnement et des populations locales. Renier cette nos valeurs n\u2019aurait pas grand sens puisqu\u2019au final c\u2019est cet engagement qui nous motive chaque jour et c\u2019est bien une terre pr\u00e9serv\u00e9e et authentique devant laquelle vous voulez vous \u00e9merveiller !<\/p>\n<p>Il semblerait que nous soyons tous align\u00e9s dans cette qu\u00eate d\u2019un tourisme \u00e0 impact social e environnemental positif. Nous, les r\u00eaveurs, Vous, les aventuriers, Eux, les locaux, Elle, notre plan\u00e8te.<\/p>\n<p>\u00c9cotourisme, tourisme \u00e9quitable, tourisme responsable\u2026. Autant d\u2019expressions tr\u00e8s \u00e0 la mode actuellement. Ces mots ne repr\u00e9sentent que le d\u00e9but d\u2019un processus complexe, primordiale pour exister mais rapidement limit\u00e9 s\u2019ils ne sont pas accompagn\u00e9s d\u2019actions concr\u00e8tes.<\/p>\n<p>Afin de se positionner dans une d\u00e9marche de qualit\u00e9 du tourisme en Amazonie et de soutenir un tourisme respectueux de l\u2019environnement et des populations locales, Amaz\u00f4nia Wild Experience a veille \u00e0 favoriser le d\u00e9veloppement des communaut\u00e9s locales.<\/p>\n<p><strong>Impact Social Positif :<\/strong><\/p>\n<ul>\n<li>Aides aux populations locales sur les territoires que nous fr\u00e9quentons ;<\/li>\n<li>D\u00e9veloppement des communaut\u00e9s locales\u00a0;<\/li>\n<li>R\u00e9mun\u00e9rations justes des partenaires locaux.<\/li>\n<\/ul>\n<p><strong>Impact Environnemental Positif :<\/strong><\/p>\n<ul>\n<li>Des d\u00e9chets limit\u00e9s, tri\u00e9s et recycl\u00e9s lors de nos excursions et nettoyage des zones explor\u00e9es ;<\/li>\n<li>Conscientisation des populations locales quant \u00e0 la pr\u00e9servation de la faune et de la flore ;<\/li>\n<li>Compensation des gaz \u00e0 effet de serre rejet\u00e9s par les embarcations que nous utilisons par un programme de reforestation avec bilan carbone positif.<\/li>\n<\/ul>\n<\/div>\n<\/div>\n<\/div>\n<\/div>\n<\/div>\n<div  class=\"parallax \" style=\"background-image: url(https:\/\/awe-amazonia.com\/wp-content\/uploads\/2020\/12\/promenda-en-canoe.jpg);height:55vh; \"><\/div>\n","protected":false},"excerpt":{"rendered":"<p>\u00ab R\u00e9inventer le tourisme d&rsquo;aventure en proposant un mod\u00e8le de voyage \u00e0 impacts social et environnemental positifs \u00bb Lorsque nous avons cr\u00e9\u00e9 Amaz\u00f4nia Wild Experience, nous avions cette obsession pour l&rsquo;aventure, les paysages, les rencontres, l\u2019observation animali\u00e8re, mais aussi et [&hellip;]<\/p>\n","protected":false},"author":1,"featured_media":6169,"parent":0,"menu_order":0,"comment_status":"closed","ping_status":"closed","template":"","meta":{"iawp_total_views":179,"footnotes":""},"class_list":["post-5525","page","type-page","status-publish","has-post-thumbnail","hentry"],"yoast_head":"<!-- This site is optimized with the Yoast SEO plugin v27.1.1 - https:\/\/yoast.com\/product\/yoast-seo-wordpress\/ -->\n<title>Notre vision, notre raison d&#039;\u00eatre - Amazonia Wild Experience<\/title>\n<meta name=\"robots\" content=\"index, follow, max-snippet:-1, max-image-preview:large, max-video-preview:-1\" \/>\n<link rel=\"canonical\" href=\"https:\/\/awe-amazonia.com\/index.php\/notre-vision\/\" \/>\n<meta property=\"og:locale\" content=\"fr_FR\" \/>\n<meta property=\"og:type\" content=\"article\" \/>\n<meta property=\"og:title\" content=\"Notre vision, notre raison d&#039;\u00eatre - Amazonia Wild Experience\" \/>\n<meta property=\"og:description\" content=\"\u00ab R\u00e9inventer le tourisme d&rsquo;aventure en proposant un mod\u00e8le de voyage \u00e0 impacts social et environnemental positifs \u00bb Lorsque nous avons cr\u00e9\u00e9 Amaz\u00f4nia Wild Experience, nous avions cette obsession pour l&rsquo;aventure, les paysages, les rencontres, l\u2019observation animali\u00e8re, mais aussi et [&hellip;]\" \/>\n<meta property=\"og:url\" content=\"https:\/\/awe-amazonia.com\/index.php\/notre-vision\/\" \/>\n<meta property=\"og:site_name\" content=\"Amazonia Wild Experience\" \/>\n<meta property=\"article:modified_time\" content=\"2023-04-12T06:16:43+00:00\" \/>\n<meta property=\"og:image\" content=\"https:\/\/awe-amazonia.com\/wp-content\/uploads\/2020\/12\/decouverte-en-pirogue-de-lamazonie.jpg\" \/>\n\t<meta property=\"og:image:width\" content=\"1998\" \/>\n\t<meta property=\"og:image:height\" content=\"1332\" \/>\n\t<meta property=\"og:image:type\" content=\"image\/jpeg\" \/>\n<meta name=\"twitter:card\" content=\"summary_large_image\" \/>\n<meta name=\"twitter:label1\" content=\"Dur\u00e9e de lecture estim\u00e9e\" \/>\n\t<meta name=\"twitter:data1\" content=\"2 minutes\" \/>\n<script type=\"application\/ld+json\" class=\"yoast-schema-graph\">{\"@context\":\"https:\/\/schema.org\",\"@graph\":[{\"@type\":\"WebPage\",\"@id\":\"https:\/\/awe-amazonia.com\/index.php\/notre-vision\/\",\"url\":\"https:\/\/awe-amazonia.com\/index.php\/notre-vision\/\",\"name\":\"Notre vision, notre raison d'\u00eatre - Amazonia Wild Experience\",\"isPartOf\":{\"@id\":\"https:\/\/awe-amazonia.com\/?lang=en\/#website\"},\"primaryImageOfPage\":{\"@id\":\"https:\/\/awe-amazonia.com\/index.php\/notre-vision\/#primaryimage\"},\"image\":{\"@id\":\"https:\/\/awe-amazonia.com\/index.php\/notre-vision\/#primaryimage\"},\"thumbnailUrl\":\"https:\/\/awe-amazonia.com\/wp-content\/uploads\/2020\/12\/decouverte-en-pirogue-de-lamazonie.jpg\",\"datePublished\":\"2020-11-27T16:23:28+00:00\",\"dateModified\":\"2023-04-12T06:16:43+00:00\",\"breadcrumb\":{\"@id\":\"https:\/\/awe-amazonia.com\/index.php\/notre-vision\/#breadcrumb\"},\"inLanguage\":\"fr-FR\",\"potentialAction\":[{\"@type\":\"ReadAction\",\"target\":[\"https:\/\/awe-amazonia.com\/index.php\/notre-vision\/\"]}]},{\"@type\":\"ImageObject\",\"inLanguage\":\"fr-FR\",\"@id\":\"https:\/\/awe-amazonia.com\/index.php\/notre-vision\/#primaryimage\",\"url\":\"https:\/\/awe-amazonia.com\/wp-content\/uploads\/2020\/12\/decouverte-en-pirogue-de-lamazonie.jpg\",\"contentUrl\":\"https:\/\/awe-amazonia.com\/wp-content\/uploads\/2020\/12\/decouverte-en-pirogue-de-lamazonie.jpg\",\"width\":1998,\"height\":1332,\"caption\":\"pirogue visite amazonie guide\"},{\"@type\":\"BreadcrumbList\",\"@id\":\"https:\/\/awe-amazonia.com\/index.php\/notre-vision\/#breadcrumb\",\"itemListElement\":[{\"@type\":\"ListItem\",\"position\":1,\"name\":\"Accueil\",\"item\":\"http:\/\/awe-amazonia.com\/\"},{\"@type\":\"ListItem\",\"position\":2,\"name\":\"Notre vision, notre raison d&#8217;\u00eatre\"}]},{\"@type\":\"WebSite\",\"@id\":\"https:\/\/awe-amazonia.com\/?lang=en\/#website\",\"url\":\"https:\/\/awe-amazonia.com\/?lang=en\/\",\"name\":\"Amazonia Wild Experience\",\"description\":\"Voyage sur mesure en Amazonie - Aventures au Br\u00e9sil et au Guyana\",\"publisher\":{\"@id\":\"https:\/\/awe-amazonia.com\/?lang=en\/#organization\"},\"potentialAction\":[{\"@type\":\"SearchAction\",\"target\":{\"@type\":\"EntryPoint\",\"urlTemplate\":\"https:\/\/awe-amazonia.com\/?lang=en\/?s={search_term_string}\"},\"query-input\":{\"@type\":\"PropertyValueSpecification\",\"valueRequired\":true,\"valueName\":\"search_term_string\"}}],\"inLanguage\":\"fr-FR\"},{\"@type\":\"Organization\",\"@id\":\"https:\/\/awe-amazonia.com\/?lang=en\/#organization\",\"name\":\"Amazonia Wild Experience\",\"url\":\"https:\/\/awe-amazonia.com\/?lang=en\/\",\"logo\":{\"@type\":\"ImageObject\",\"inLanguage\":\"fr-FR\",\"@id\":\"https:\/\/awe-amazonia.com\/?lang=en\/#\/schema\/logo\/image\/\",\"url\":\"https:\/\/awe-amazonia.com\/wp-content\/uploads\/2020\/09\/cropped-Logo.png\",\"contentUrl\":\"https:\/\/awe-amazonia.com\/wp-content\/uploads\/2020\/09\/cropped-Logo.png\",\"width\":512,\"height\":512,\"caption\":\"Amazonia Wild Experience\"},\"image\":{\"@id\":\"https:\/\/awe-amazonia.com\/?lang=en\/#\/schema\/logo\/image\/\"}}]}<\/script>\n<!-- \/ Yoast SEO plugin. -->","yoast_head_json":{"title":"Notre vision, notre raison d'\u00eatre - Amazonia Wild Experience","robots":{"index":"index","follow":"follow","max-snippet":"max-snippet:-1","max-image-preview":"max-image-preview:large","max-video-preview":"max-video-preview:-1"},"canonical":"https:\/\/awe-amazonia.com\/index.php\/notre-vision\/","og_locale":"fr_FR","og_type":"article","og_title":"Notre vision, notre raison d'\u00eatre - Amazonia Wild Experience","og_description":"\u00ab R\u00e9inventer le tourisme d&rsquo;aventure en proposant un mod\u00e8le de voyage \u00e0 impacts social et environnemental positifs \u00bb Lorsque nous avons cr\u00e9\u00e9 Amaz\u00f4nia Wild Experience, nous avions cette obsession pour l&rsquo;aventure, les paysages, les rencontres, l\u2019observation animali\u00e8re, mais aussi et [&hellip;]","og_url":"https:\/\/awe-amazonia.com\/index.php\/notre-vision\/","og_site_name":"Amazonia Wild Experience","article_modified_time":"2023-04-12T06:16:43+00:00","og_image":[{"width":1998,"height":1332,"url":"https:\/\/awe-amazonia.com\/wp-content\/uploads\/2020\/12\/decouverte-en-pirogue-de-lamazonie.jpg","type":"image\/jpeg"}],"twitter_card":"summary_large_image","twitter_misc":{"Dur\u00e9e de lecture estim\u00e9e":"2 minutes"},"schema":{"@context":"https:\/\/schema.org","@graph":[{"@type":"WebPage","@id":"https:\/\/awe-amazonia.com\/index.php\/notre-vision\/","url":"https:\/\/awe-amazonia.com\/index.php\/notre-vision\/","name":"Notre vision, notre raison d'\u00eatre - Amazonia Wild Experience","isPartOf":{"@id":"https:\/\/awe-amazonia.com\/?lang=en\/#website"},"primaryImageOfPage":{"@id":"https:\/\/awe-amazonia.com\/index.php\/notre-vision\/#primaryimage"},"image":{"@id":"https:\/\/awe-amazonia.com\/index.php\/notre-vision\/#primaryimage"},"thumbnailUrl":"https:\/\/awe-amazonia.com\/wp-content\/uploads\/2020\/12\/decouverte-en-pirogue-de-lamazonie.jpg","datePublished":"2020-11-27T16:23:28+00:00","dateModified":"2023-04-12T06:16:43+00:00","breadcrumb":{"@id":"https:\/\/awe-amazonia.com\/index.php\/notre-vision\/#breadcrumb"},"inLanguage":"fr-FR","potentialAction":[{"@type":"ReadAction","target":["https:\/\/awe-amazonia.com\/index.php\/notre-vision\/"]}]},{"@type":"ImageObject","inLanguage":"fr-FR","@id":"https:\/\/awe-amazonia.com\/index.php\/notre-vision\/#primaryimage","url":"https:\/\/awe-amazonia.com\/wp-content\/uploads\/2020\/12\/decouverte-en-pirogue-de-lamazonie.jpg","contentUrl":"https:\/\/awe-amazonia.com\/wp-content\/uploads\/2020\/12\/decouverte-en-pirogue-de-lamazonie.jpg","width":1998,"height":1332,"caption":"pirogue visite amazonie guide"},{"@type":"BreadcrumbList","@id":"https:\/\/awe-amazonia.com\/index.php\/notre-vision\/#breadcrumb","itemListElement":[{"@type":"ListItem","position":1,"name":"Accueil","item":"http:\/\/awe-amazonia.com\/"},{"@type":"ListItem","position":2,"name":"Notre vision, notre raison d&#8217;\u00eatre"}]},{"@type":"WebSite","@id":"https:\/\/awe-amazonia.com\/?lang=en\/#website","url":"https:\/\/awe-amazonia.com\/?lang=en\/","name":"Amazonia Wild Experience","description":"Voyage sur mesure en Amazonie - Aventures au Br\u00e9sil et au Guyana","publisher":{"@id":"https:\/\/awe-amazonia.com\/?lang=en\/#organization"},"potentialAction":[{"@type":"SearchAction","target":{"@type":"EntryPoint","urlTemplate":"https:\/\/awe-amazonia.com\/?lang=en\/?s={search_term_string}"},"query-input":{"@type":"PropertyValueSpecification","valueRequired":true,"valueName":"search_term_string"}}],"inLanguage":"fr-FR"},{"@type":"Organization","@id":"https:\/\/awe-amazonia.com\/?lang=en\/#organization","name":"Amazonia Wild Experience","url":"https:\/\/awe-amazonia.com\/?lang=en\/","logo":{"@type":"ImageObject","inLanguage":"fr-FR","@id":"https:\/\/awe-amazonia.com\/?lang=en\/#\/schema\/logo\/image\/","url":"https:\/\/awe-amazonia.com\/wp-content\/uploads\/2020\/09\/cropped-Logo.png","contentUrl":"https:\/\/awe-amazonia.com\/wp-content\/uploads\/2020\/09\/cropped-Logo.png","width":512,"height":512,"caption":"Amazonia Wild Experience"},"image":{"@id":"https:\/\/awe-amazonia.com\/?lang=en\/#\/schema\/logo\/image\/"}}]}},"_links":{"self":[{"href":"https:\/\/awe-amazonia.com\/index.php\/wp-json\/wp\/v2\/pages\/5525","targetHints":{"allow":["GET"]}}],"collection":[{"href":"https:\/\/awe-amazonia.com\/index.php\/wp-json\/wp\/v2\/pages"}],"about":[{"href":"https:\/\/awe-amazonia.com\/index.php\/wp-json\/wp\/v2\/types\/page"}],"author":[{"embeddable":true,"href":"https:\/\/awe-amazonia.com\/index.php\/wp-json\/wp\/v2\/users\/1"}],"replies":[{"embeddable":true,"href":"https:\/\/awe-amazonia.com\/index.php\/wp-json\/wp\/v2\/comments?post=5525"}],"version-history":[{"count":35,"href":"https:\/\/awe-amazonia.com\/index.php\/wp-json\/wp\/v2\/pages\/5525\/revisions"}],"predecessor-version":[{"id":29749,"href":"https:\/\/awe-amazonia.com\/index.php\/wp-json\/wp\/v2\/pages\/5525\/revisions\/29749"}],"wp:featuredmedia":[{"embeddable":true,"href":"https:\/\/awe-amazonia.com\/index.php\/wp-json\/wp\/v2\/media\/6169"}],"wp:attachment":[{"href":"https:\/\/awe-amazonia.com\/index.php\/wp-json\/wp\/v2\/media?parent=5525"}],"curies":[{"name":"wp","href":"https:\/\/api.w.org\/{rel}","templated":true}]}}